{"id":14603,"date":"2015-08-12T04:55:55","date_gmt":"2015-08-12T04:55:55","guid":{"rendered":"https:\/\/mnamk.hu\/wp\/kollegium-2\/kollegiumi-difizetes\/"},"modified":"2023-01-23T15:03:28","modified_gmt":"2023-01-23T15:03:28","slug":"kollegiumi-difizetes","status":"publish","type":"page","link":"https:\/\/mnamk.hu\/index-old.php\/kollegium-2\/kollegiumi-difizetes\/","title":{"rendered":"Koll\u00e9giumi d\u00edjfizet\u00e9s"},"content":{"rendered":"<div style=\"text-align: center;\"><\/div>\n<div style=\"text-align: center;\"><strong>Koll\u00e9gium d\u00edj<\/strong><\/p>\n<p>Befizet\u00e9s id\u0151pontja: Minden h\u00f3nap m\u00e1sodik het\u00e9ben h\u00e9tf\u0151t\u0151l- p\u00e9ntekig<\/p>\n<\/div>\n<div style=\"text-align: center;\">\n<p>Szem\u00e9lyesen: 7:30 \u00f3r\u00e1t\u00f3l 12 \u00f3r\u00e1ig,<\/p>\n<\/div>\n<div style=\"text-align: center;\">\n<p>\u00c1tutal\u00e1ssal: CIB BANK 10700354-44329303-51200002 sz\u00e1mlasz\u00e1mon lehet.<\/p>\n<\/div>\n<div style=\"text-align: center;\">\n<p>Befizet\u00e9s helye: P\u00e9nzt\u00e1r<\/p>\n<\/div>\n<div style=\"text-align: center;\"><\/div>\n<div style=\"text-align: center;\"><\/div>\n<div style=\"text-align: center;\">Befizetend\u0151 \u00f6sszeg:<\/p>\n<\/div>\n<div style=\"text-align: center;\"><\/div>\n<div style=\"text-align: center;\">\u00a0\u00a0 100%\u00a0\u00a0\u00a0\u00a0 nap x 1.852Ft\u00a0 = &#8230;&#8230; Ft<\/div>\n<div><\/div>\n<div style=\"text-align: center;\">\u00a0\u00a0\u00a0\u00a0 50%\u00a0\u00a0\u00a0\u00a0 nap x 926 Ft\u00a0 = &#8230; Ft<\/div>\n<div><\/div>\n<div style=\"text-align: center;\">di\u00e9t\u00e1s\u00a0 \u00a0 nap x 2.210 Ft\u00a0 = &#8230;&#8230; Ft<\/div>\n<div><\/div>\n<div style=\"text-align: center;\">\u00a0 \u00a0di\u00e9t\u00e1s 50%\u00a0\u00a0\u00a0\u00a0 nap x 1.105 Ft\u00a0 = &#8230; Ft<\/div>\n<p><!-- Add code here that should appear in the content block of all new pages --><\/p>\n","protected":false},"excerpt":{"rendered":"<p>Koll\u00e9gium d\u00edj Befizet\u00e9s id\u0151pontja: Minden h\u00f3nap m\u00e1sodik het\u00e9ben h\u00e9tf\u0151t\u0151l- p\u00e9ntekig Szem\u00e9lyesen: 7:30 \u00f3r\u00e1t\u00f3l 12 \u00f3r\u00e1ig, \u00c1tutal\u00e1ssal: CIB BANK 10700354-44329303-51200002 sz\u00e1mlasz\u00e1mon lehet. Befizet\u00e9s helye: P\u00e9nzt\u00e1r Befizetend\u0151 \u00f6sszeg: \u00a0\u00a0 100%\u00a0\u00a0\u00a0\u00a0 nap x 1.852Ft\u00a0 = &#8230;&#8230; Ft \u00a0\u00a0\u00a0\u00a0 50%\u00a0\u00a0\u00a0\u00a0 nap x 926 Ft\u00a0 = &#8230; Ft di\u00e9t\u00e1s\u00a0 \u00a0 nap x 2.210 Ft\u00a0 = &#8230;&#8230; Ft \u00a0 \u00a0di\u00e9t\u00e1s 50%\u00a0\u00a0\u00a0\u00a0 [&hellip;]<\/p>\n","protected":false},"author":22,"featured_media":0,"parent":14598,"menu_order":0,"comment_status":"closed","ping_status":"closed","template":"","meta":{"footnotes":""},"class_list":["post-14603","page","type-page","status-publish","hentry"],"yoast_head":"<!-- This site is optimized with the Yoast SEO plugin v20.9 - https:\/\/yoast.com\/wordpress\/plugins\/seo\/ -->\n<title>Koll\u00e9giumi d\u00edjfizet\u00e9s - MN\u00c1MK-UBZ<\/title>\n<meta name=\"robots\" content=\"index, follow, max-snippet:-1, max-image-preview:large, max-video-preview:-1\" \/>\n<link rel=\"canonical\" href=\"https:\/\/mnamk.hu\/index-old.php\/kollegium-2\/kollegiumi-difizetes\/\" \/>\n<meta property=\"og:locale\" content=\"hu_HU\" \/>\n<meta property=\"og:type\" content=\"article\" \/>\n<meta property=\"og:title\" content=\"Koll\u00e9giumi d\u00edjfizet\u00e9s - MN\u00c1MK-UBZ\" \/>\n<meta property=\"og:description\" content=\"Koll\u00e9gium d\u00edj Befizet\u00e9s id\u0151pontja: Minden h\u00f3nap m\u00e1sodik het\u00e9ben h\u00e9tf\u0151t\u0151l- p\u00e9ntekig Szem\u00e9lyesen: 7:30 \u00f3r\u00e1t\u00f3l 12 \u00f3r\u00e1ig, \u00c1tutal\u00e1ssal: CIB BANK 10700354-44329303-51200002 sz\u00e1mlasz\u00e1mon lehet. Befizet\u00e9s helye: P\u00e9nzt\u00e1r Befizetend\u0151 \u00f6sszeg: \u00a0\u00a0 100%\u00a0\u00a0\u00a0\u00a0 nap x 1.852Ft\u00a0 = &#8230;&#8230; Ft \u00a0\u00a0\u00a0\u00a0 50%\u00a0\u00a0\u00a0\u00a0 nap x 926 Ft\u00a0 = &#8230; Ft di\u00e9t\u00e1s\u00a0 \u00a0 nap x 2.210 Ft\u00a0 = &#8230;&#8230; Ft \u00a0 \u00a0di\u00e9t\u00e1s 50%\u00a0\u00a0\u00a0\u00a0 [&hellip;]\" \/>\n<meta property=\"og:url\" content=\"https:\/\/mnamk.hu\/index-old.php\/kollegium-2\/kollegiumi-difizetes\/\" \/>\n<meta property=\"og:site_name\" content=\"MN\u00c1MK-UBZ\" \/>\n<meta property=\"article:modified_time\" content=\"2023-01-23T15:03:28+00:00\" \/>\n<meta name=\"twitter:card\" content=\"summary_large_image\" \/>\n<meta name=\"twitter:label1\" content=\"Becs\u00fclt olvas\u00e1si id\u0151\" \/>\n\t<meta name=\"twitter:data1\" content=\"1 perc\" \/>\n<script type=\"application\/ld+json\" class=\"yoast-schema-graph\">{\"@context\":\"https:\/\/schema.org\",\"@graph\":[{\"@type\":\"WebPage\",\"@id\":\"https:\/\/mnamk.hu\/index-old.php\/kollegium-2\/kollegiumi-difizetes\/\",\"url\":\"https:\/\/mnamk.hu\/index-old.php\/kollegium-2\/kollegiumi-difizetes\/\",\"name\":\"Koll\u00e9giumi d\u00edjfizet\u00e9s - MN\u00c1MK-UBZ\",\"isPartOf\":{\"@id\":\"https:\/\/mnamk.hu\/index-old.php\/#website\"},\"datePublished\":\"2015-08-12T04:55:55+00:00\",\"dateModified\":\"2023-01-23T15:03:28+00:00\",\"breadcrumb\":{\"@id\":\"https:\/\/mnamk.hu\/index-old.php\/kollegium-2\/kollegiumi-difizetes\/#breadcrumb\"},\"inLanguage\":\"hu\",\"potentialAction\":[{\"@type\":\"ReadAction\",\"target\":[\"https:\/\/mnamk.hu\/index-old.php\/kollegium-2\/kollegiumi-difizetes\/\"]}]},{\"@type\":\"BreadcrumbList\",\"@id\":\"https:\/\/mnamk.hu\/index-old.php\/kollegium-2\/kollegiumi-difizetes\/#breadcrumb\",\"itemListElement\":[{\"@type\":\"ListItem\",\"position\":1,\"name\":\"Startseite\",\"item\":\"https:\/\/mnamk.hu\/\"},{\"@type\":\"ListItem\",\"position\":2,\"name\":\"\u00dcdv\u00f6z\u00f6lj\u00fck Koll\u00e9giumunk f\u0151oldal\u00e1n!\",\"item\":\"https:\/\/mnamk.hu\/index-old.php\/kollegium-2\/\"},{\"@type\":\"ListItem\",\"position\":3,\"name\":\"Koll\u00e9giumi d\u00edjfizet\u00e9s\"}]},{\"@type\":\"WebSite\",\"@id\":\"https:\/\/mnamk.hu\/index-old.php\/#website\",\"url\":\"https:\/\/mnamk.hu\/index-old.php\/\",\"name\":\"MN\u00c1MK-UBZ\",\"description\":\"\",\"publisher\":{\"@id\":\"https:\/\/mnamk.hu\/index-old.php\/#organization\"},\"potentialAction\":[{\"@type\":\"SearchAction\",\"target\":{\"@type\":\"EntryPoint\",\"urlTemplate\":\"https:\/\/mnamk.hu\/index-old.php\/?s={search_term_string}\"},\"query-input\":\"required name=search_term_string\"}],\"inLanguage\":\"hu\"},{\"@type\":\"Organization\",\"@id\":\"https:\/\/mnamk.hu\/index-old.php\/#organization\",\"name\":\"MNAMK\",\"url\":\"https:\/\/mnamk.hu\/index-old.php\/\",\"logo\":{\"@type\":\"ImageObject\",\"inLanguage\":\"hu\",\"@id\":\"https:\/\/mnamk.hu\/index-old.php\/#\/schema\/logo\/image\/\",\"url\":\"https:\/\/mnamk.hu\/wp\/wp-content\/uploads\/2020\/08\/logo.jpg\",\"contentUrl\":\"https:\/\/mnamk.hu\/wp\/wp-content\/uploads\/2020\/08\/logo.jpg\",\"width\":482,\"height\":276,\"caption\":\"MNAMK\"},\"image\":{\"@id\":\"https:\/\/mnamk.hu\/index-old.php\/#\/schema\/logo\/image\/\"}}]}<\/script>\n<!-- \/ Yoast SEO plugin. -->","yoast_head_json":{"title":"Koll\u00e9giumi d\u00edjfizet\u00e9s - MN\u00c1MK-UBZ","robots":{"index":"index","follow":"follow","max-snippet":"max-snippet:-1","max-image-preview":"max-image-preview:large","max-video-preview":"max-video-preview:-1"},"canonical":"https:\/\/mnamk.hu\/index-old.php\/kollegium-2\/kollegiumi-difizetes\/","og_locale":"hu_HU","og_type":"article","og_title":"Koll\u00e9giumi d\u00edjfizet\u00e9s - MN\u00c1MK-UBZ","og_description":"Koll\u00e9gium d\u00edj Befizet\u00e9s id\u0151pontja: Minden h\u00f3nap m\u00e1sodik het\u00e9ben h\u00e9tf\u0151t\u0151l- p\u00e9ntekig Szem\u00e9lyesen: 7:30 \u00f3r\u00e1t\u00f3l 12 \u00f3r\u00e1ig, \u00c1tutal\u00e1ssal: CIB BANK 10700354-44329303-51200002 sz\u00e1mlasz\u00e1mon lehet. Befizet\u00e9s helye: P\u00e9nzt\u00e1r Befizetend\u0151 \u00f6sszeg: \u00a0\u00a0 100%\u00a0\u00a0\u00a0\u00a0 nap x 1.852Ft\u00a0 = &#8230;&#8230; Ft \u00a0\u00a0\u00a0\u00a0 50%\u00a0\u00a0\u00a0\u00a0 nap x 926 Ft\u00a0 = &#8230; Ft di\u00e9t\u00e1s\u00a0 \u00a0 nap x 2.210 Ft\u00a0 = &#8230;&#8230; Ft \u00a0 \u00a0di\u00e9t\u00e1s 50%\u00a0\u00a0\u00a0\u00a0 [&hellip;]","og_url":"https:\/\/mnamk.hu\/index-old.php\/kollegium-2\/kollegiumi-difizetes\/","og_site_name":"MN\u00c1MK-UBZ","article_modified_time":"2023-01-23T15:03:28+00:00","twitter_card":"summary_large_image","twitter_misc":{"Becs\u00fclt olvas\u00e1si id\u0151":"1 perc"},"schema":{"@context":"https:\/\/schema.org","@graph":[{"@type":"WebPage","@id":"https:\/\/mnamk.hu\/index-old.php\/kollegium-2\/kollegiumi-difizetes\/","url":"https:\/\/mnamk.hu\/index-old.php\/kollegium-2\/kollegiumi-difizetes\/","name":"Koll\u00e9giumi d\u00edjfizet\u00e9s - MN\u00c1MK-UBZ","isPartOf":{"@id":"https:\/\/mnamk.hu\/index-old.php\/#website"},"datePublished":"2015-08-12T04:55:55+00:00","dateModified":"2023-01-23T15:03:28+00:00","breadcrumb":{"@id":"https:\/\/mnamk.hu\/index-old.php\/kollegium-2\/kollegiumi-difizetes\/#breadcrumb"},"inLanguage":"hu","potentialAction":[{"@type":"ReadAction","target":["https:\/\/mnamk.hu\/index-old.php\/kollegium-2\/kollegiumi-difizetes\/"]}]},{"@type":"BreadcrumbList","@id":"https:\/\/mnamk.hu\/index-old.php\/kollegium-2\/kollegiumi-difizetes\/#breadcrumb","itemListElement":[{"@type":"ListItem","position":1,"name":"Startseite","item":"https:\/\/mnamk.hu\/"},{"@type":"ListItem","position":2,"name":"\u00dcdv\u00f6z\u00f6lj\u00fck Koll\u00e9giumunk f\u0151oldal\u00e1n!","item":"https:\/\/mnamk.hu\/index-old.php\/kollegium-2\/"},{"@type":"ListItem","position":3,"name":"Koll\u00e9giumi d\u00edjfizet\u00e9s"}]},{"@type":"WebSite","@id":"https:\/\/mnamk.hu\/index-old.php\/#website","url":"https:\/\/mnamk.hu\/index-old.php\/","name":"MN\u00c1MK-UBZ","description":"","publisher":{"@id":"https:\/\/mnamk.hu\/index-old.php\/#organization"},"potentialAction":[{"@type":"SearchAction","target":{"@type":"EntryPoint","urlTemplate":"https:\/\/mnamk.hu\/index-old.php\/?s={search_term_string}"},"query-input":"required name=search_term_string"}],"inLanguage":"hu"},{"@type":"Organization","@id":"https:\/\/mnamk.hu\/index-old.php\/#organization","name":"MNAMK","url":"https:\/\/mnamk.hu\/index-old.php\/","logo":{"@type":"ImageObject","inLanguage":"hu","@id":"https:\/\/mnamk.hu\/index-old.php\/#\/schema\/logo\/image\/","url":"https:\/\/mnamk.hu\/wp\/wp-content\/uploads\/2020\/08\/logo.jpg","contentUrl":"https:\/\/mnamk.hu\/wp\/wp-content\/uploads\/2020\/08\/logo.jpg","width":482,"height":276,"caption":"MNAMK"},"image":{"@id":"https:\/\/mnamk.hu\/index-old.php\/#\/schema\/logo\/image\/"}}]}},"_links":{"self":[{"href":"https:\/\/mnamk.hu\/index-old.php\/wp-json\/wp\/v2\/pages\/14603","targetHints":{"allow":["GET"]}}],"collection":[{"href":"https:\/\/mnamk.hu\/index-old.php\/wp-json\/wp\/v2\/pages"}],"about":[{"href":"https:\/\/mnamk.hu\/index-old.php\/wp-json\/wp\/v2\/types\/page"}],"author":[{"embeddable":true,"href":"https:\/\/mnamk.hu\/index-old.php\/wp-json\/wp\/v2\/users\/22"}],"replies":[{"embeddable":true,"href":"https:\/\/mnamk.hu\/index-old.php\/wp-json\/wp\/v2\/comments?post=14603"}],"version-history":[{"count":5,"href":"https:\/\/mnamk.hu\/index-old.php\/wp-json\/wp\/v2\/pages\/14603\/revisions"}],"predecessor-version":[{"id":47020,"href":"https:\/\/mnamk.hu\/index-old.php\/wp-json\/wp\/v2\/pages\/14603\/revisions\/47020"}],"up":[{"embeddable":true,"href":"https:\/\/mnamk.hu\/index-old.php\/wp-json\/wp\/v2\/pages\/14598"}],"wp:attachment":[{"href":"https:\/\/mnamk.hu\/index-old.php\/wp-json\/wp\/v2\/media?parent=14603"}],"curies":[{"name":"wp","href":"https:\/\/api.w.org\/{rel}","templated":true}]}}