{"id":14609,"date":"2015-08-12T04:59:54","date_gmt":"2015-08-12T04:59:54","guid":{"rendered":"https:\/\/mnamk.hu\/wp\/kollegium-2\/szmk\/"},"modified":"2023-09-25T15:01:26","modified_gmt":"2023-09-25T13:01:26","slug":"szmk","status":"publish","type":"page","link":"https:\/\/mnamk.hu\/index-old.php\/kollegium-2\/szmk\/","title":{"rendered":"Sz\u00fcl\u0151i szervezet"},"content":{"rendered":"<p><span style=\"font-size: small;\">&nbsp; &nbsp; &nbsp; &nbsp; &nbsp; &nbsp; &nbsp; &nbsp; &nbsp; &nbsp; &nbsp; &nbsp; &nbsp; &nbsp; &nbsp;<\/span><\/p>\n<p><span style=\"font-size: small;\"><!-- Add code here that should appear in the content block of all new pages --><\/span><\/p>\n\n\n<p><strong>Tisztelt Sz\u00fcl\u0151k!<\/strong><\/p>\n\n\n\n<p>\u00d6r\u00f6mmel \u00e9rtes\u00edtem \u00d6n\u00f6ket, hogy 2008. december 1.-\u00e9n megalakult az MN\u00c1MK Koll\u00e9gium\u00e1nak Sz\u00fcl\u0151i Szervezete, mely 2009. janu\u00e1r 1.-t\u0151l kezdi meg munk\u00e1j\u00e1t. \u00d6tleteikkel, probl\u00e9m\u00e1ikkal a koll\u00e9gium vezet\u00e9s\u00e9n k\u00edv\u00fcl az SZMK tagokat is felkereshetik.<\/p>\n\n\n\n<p class=\"has-text-align-center\"><strong>Az Sz\u00fcl\u0151i Szervezet el\u00e9rhet\u0151s\u00e9ge<\/strong>:<\/p>\n\n\n\n<p class=\"has-text-align-center\">Gallai G\u00e1bor: ggallai73@gmail.com<br>Orosz Adrienne Krisztina: oroszadrika@gmail.com<br>Sebesty\u00e9n R\u00e9ka: <a href=\"mailto:reka@accuracykft.hu\">reka@accuracykft.hu<\/a><\/p>\n\n\n\n<p class=\"has-text-align-right\"><strong>\u00dcdv\u00f6zlettel:<\/strong><br>Kerek M\u00e1rton<br>Koll\u00e9giumigazgat\u00f3<\/p>\n","protected":false},"excerpt":{"rendered":"<p>&nbsp; &nbsp; &nbsp; &nbsp; &nbsp; &nbsp; &nbsp; &nbsp; &nbsp; &nbsp; &nbsp; &nbsp; &nbsp; &nbsp; &nbsp; Tisztelt Sz\u00fcl\u0151k! \u00d6r\u00f6mmel \u00e9rtes\u00edtem \u00d6n\u00f6ket, hogy 2008. december 1.-\u00e9n megalakult az MN\u00c1MK Koll\u00e9gium\u00e1nak Sz\u00fcl\u0151i Szervezete, mely 2009. janu\u00e1r 1.-t\u0151l kezdi meg munk\u00e1j\u00e1t. \u00d6tleteikkel, probl\u00e9m\u00e1ikkal a koll\u00e9gium vezet\u00e9s\u00e9n k\u00edv\u00fcl az SZMK tagokat is felkereshetik. Az Sz\u00fcl\u0151i Szervezet el\u00e9rhet\u0151s\u00e9ge: Gallai G\u00e1bor: ggallai73@gmail.comOrosz [&hellip;]<\/p>\n","protected":false},"author":22,"featured_media":0,"parent":14598,"menu_order":0,"comment_status":"closed","ping_status":"closed","template":"","meta":{"footnotes":""},"class_list":["post-14609","page","type-page","status-publish","hentry"],"yoast_head":"<!-- This site is optimized with the Yoast SEO plugin v20.9 - https:\/\/yoast.com\/wordpress\/plugins\/seo\/ -->\n<title>Sz\u00fcl\u0151i szervezet - MN\u00c1MK-UBZ<\/title>\n<meta name=\"robots\" content=\"index, follow, max-snippet:-1, max-image-preview:large, max-video-preview:-1\" \/>\n<link rel=\"canonical\" href=\"https:\/\/mnamk.hu\/index-old.php\/kollegium-2\/szmk\/\" \/>\n<meta property=\"og:locale\" content=\"hu_HU\" \/>\n<meta property=\"og:type\" content=\"article\" \/>\n<meta property=\"og:title\" content=\"Sz\u00fcl\u0151i szervezet - MN\u00c1MK-UBZ\" \/>\n<meta property=\"og:description\" content=\"&nbsp; &nbsp; &nbsp; &nbsp; &nbsp; &nbsp; &nbsp; &nbsp; &nbsp; &nbsp; &nbsp; &nbsp; &nbsp; &nbsp; &nbsp; Tisztelt Sz\u00fcl\u0151k! \u00d6r\u00f6mmel \u00e9rtes\u00edtem \u00d6n\u00f6ket, hogy 2008. december 1.-\u00e9n megalakult az MN\u00c1MK Koll\u00e9gium\u00e1nak Sz\u00fcl\u0151i Szervezete, mely 2009. janu\u00e1r 1.-t\u0151l kezdi meg munk\u00e1j\u00e1t. \u00d6tleteikkel, probl\u00e9m\u00e1ikkal a koll\u00e9gium vezet\u00e9s\u00e9n k\u00edv\u00fcl az SZMK tagokat is felkereshetik. Az Sz\u00fcl\u0151i Szervezet el\u00e9rhet\u0151s\u00e9ge: Gallai G\u00e1bor: ggallai73@gmail.comOrosz [&hellip;]\" \/>\n<meta property=\"og:url\" content=\"https:\/\/mnamk.hu\/index-old.php\/kollegium-2\/szmk\/\" \/>\n<meta property=\"og:site_name\" content=\"MN\u00c1MK-UBZ\" \/>\n<meta property=\"article:modified_time\" content=\"2023-09-25T13:01:26+00:00\" \/>\n<meta name=\"twitter:card\" content=\"summary_large_image\" \/>\n<meta name=\"twitter:label1\" content=\"Becs\u00fclt olvas\u00e1si id\u0151\" \/>\n\t<meta name=\"twitter:data1\" content=\"1 perc\" \/>\n<script type=\"application\/ld+json\" class=\"yoast-schema-graph\">{\"@context\":\"https:\/\/schema.org\",\"@graph\":[{\"@type\":\"WebPage\",\"@id\":\"https:\/\/mnamk.hu\/index-old.php\/kollegium-2\/szmk\/\",\"url\":\"https:\/\/mnamk.hu\/index-old.php\/kollegium-2\/szmk\/\",\"name\":\"Sz\u00fcl\u0151i szervezet - MN\u00c1MK-UBZ\",\"isPartOf\":{\"@id\":\"https:\/\/mnamk.hu\/index-old.php\/#website\"},\"datePublished\":\"2015-08-12T04:59:54+00:00\",\"dateModified\":\"2023-09-25T13:01:26+00:00\",\"breadcrumb\":{\"@id\":\"https:\/\/mnamk.hu\/index-old.php\/kollegium-2\/szmk\/#breadcrumb\"},\"inLanguage\":\"hu\",\"potentialAction\":[{\"@type\":\"ReadAction\",\"target\":[\"https:\/\/mnamk.hu\/index-old.php\/kollegium-2\/szmk\/\"]}]},{\"@type\":\"BreadcrumbList\",\"@id\":\"https:\/\/mnamk.hu\/index-old.php\/kollegium-2\/szmk\/#breadcrumb\",\"itemListElement\":[{\"@type\":\"ListItem\",\"position\":1,\"name\":\"Startseite\",\"item\":\"https:\/\/mnamk.hu\/\"},{\"@type\":\"ListItem\",\"position\":2,\"name\":\"\u00dcdv\u00f6z\u00f6lj\u00fck Koll\u00e9giumunk f\u0151oldal\u00e1n!\",\"item\":\"https:\/\/mnamk.hu\/index-old.php\/kollegium-2\/\"},{\"@type\":\"ListItem\",\"position\":3,\"name\":\"Sz\u00fcl\u0151i szervezet\"}]},{\"@type\":\"WebSite\",\"@id\":\"https:\/\/mnamk.hu\/index-old.php\/#website\",\"url\":\"https:\/\/mnamk.hu\/index-old.php\/\",\"name\":\"MN\u00c1MK-UBZ\",\"description\":\"\",\"publisher\":{\"@id\":\"https:\/\/mnamk.hu\/index-old.php\/#organization\"},\"potentialAction\":[{\"@type\":\"SearchAction\",\"target\":{\"@type\":\"EntryPoint\",\"urlTemplate\":\"https:\/\/mnamk.hu\/index-old.php\/?s={search_term_string}\"},\"query-input\":\"required name=search_term_string\"}],\"inLanguage\":\"hu\"},{\"@type\":\"Organization\",\"@id\":\"https:\/\/mnamk.hu\/index-old.php\/#organization\",\"name\":\"MNAMK\",\"url\":\"https:\/\/mnamk.hu\/index-old.php\/\",\"logo\":{\"@type\":\"ImageObject\",\"inLanguage\":\"hu\",\"@id\":\"https:\/\/mnamk.hu\/index-old.php\/#\/schema\/logo\/image\/\",\"url\":\"https:\/\/mnamk.hu\/wp\/wp-content\/uploads\/2020\/08\/logo.jpg\",\"contentUrl\":\"https:\/\/mnamk.hu\/wp\/wp-content\/uploads\/2020\/08\/logo.jpg\",\"width\":482,\"height\":276,\"caption\":\"MNAMK\"},\"image\":{\"@id\":\"https:\/\/mnamk.hu\/index-old.php\/#\/schema\/logo\/image\/\"}}]}<\/script>\n<!-- \/ Yoast SEO plugin. -->","yoast_head_json":{"title":"Sz\u00fcl\u0151i szervezet - MN\u00c1MK-UBZ","robots":{"index":"index","follow":"follow","max-snippet":"max-snippet:-1","max-image-preview":"max-image-preview:large","max-video-preview":"max-video-preview:-1"},"canonical":"https:\/\/mnamk.hu\/index-old.php\/kollegium-2\/szmk\/","og_locale":"hu_HU","og_type":"article","og_title":"Sz\u00fcl\u0151i szervezet - MN\u00c1MK-UBZ","og_description":"&nbsp; &nbsp; &nbsp; &nbsp; &nbsp; &nbsp; &nbsp; &nbsp; &nbsp; &nbsp; &nbsp; &nbsp; &nbsp; &nbsp; &nbsp; Tisztelt Sz\u00fcl\u0151k! \u00d6r\u00f6mmel \u00e9rtes\u00edtem \u00d6n\u00f6ket, hogy 2008. december 1.-\u00e9n megalakult az MN\u00c1MK Koll\u00e9gium\u00e1nak Sz\u00fcl\u0151i Szervezete, mely 2009. janu\u00e1r 1.-t\u0151l kezdi meg munk\u00e1j\u00e1t. \u00d6tleteikkel, probl\u00e9m\u00e1ikkal a koll\u00e9gium vezet\u00e9s\u00e9n k\u00edv\u00fcl az SZMK tagokat is felkereshetik. Az Sz\u00fcl\u0151i Szervezet el\u00e9rhet\u0151s\u00e9ge: Gallai G\u00e1bor: ggallai73@gmail.comOrosz [&hellip;]","og_url":"https:\/\/mnamk.hu\/index-old.php\/kollegium-2\/szmk\/","og_site_name":"MN\u00c1MK-UBZ","article_modified_time":"2023-09-25T13:01:26+00:00","twitter_card":"summary_large_image","twitter_misc":{"Becs\u00fclt olvas\u00e1si id\u0151":"1 perc"},"schema":{"@context":"https:\/\/schema.org","@graph":[{"@type":"WebPage","@id":"https:\/\/mnamk.hu\/index-old.php\/kollegium-2\/szmk\/","url":"https:\/\/mnamk.hu\/index-old.php\/kollegium-2\/szmk\/","name":"Sz\u00fcl\u0151i szervezet - MN\u00c1MK-UBZ","isPartOf":{"@id":"https:\/\/mnamk.hu\/index-old.php\/#website"},"datePublished":"2015-08-12T04:59:54+00:00","dateModified":"2023-09-25T13:01:26+00:00","breadcrumb":{"@id":"https:\/\/mnamk.hu\/index-old.php\/kollegium-2\/szmk\/#breadcrumb"},"inLanguage":"hu","potentialAction":[{"@type":"ReadAction","target":["https:\/\/mnamk.hu\/index-old.php\/kollegium-2\/szmk\/"]}]},{"@type":"BreadcrumbList","@id":"https:\/\/mnamk.hu\/index-old.php\/kollegium-2\/szmk\/#breadcrumb","itemListElement":[{"@type":"ListItem","position":1,"name":"Startseite","item":"https:\/\/mnamk.hu\/"},{"@type":"ListItem","position":2,"name":"\u00dcdv\u00f6z\u00f6lj\u00fck Koll\u00e9giumunk f\u0151oldal\u00e1n!","item":"https:\/\/mnamk.hu\/index-old.php\/kollegium-2\/"},{"@type":"ListItem","position":3,"name":"Sz\u00fcl\u0151i szervezet"}]},{"@type":"WebSite","@id":"https:\/\/mnamk.hu\/index-old.php\/#website","url":"https:\/\/mnamk.hu\/index-old.php\/","name":"MN\u00c1MK-UBZ","description":"","publisher":{"@id":"https:\/\/mnamk.hu\/index-old.php\/#organization"},"potentialAction":[{"@type":"SearchAction","target":{"@type":"EntryPoint","urlTemplate":"https:\/\/mnamk.hu\/index-old.php\/?s={search_term_string}"},"query-input":"required name=search_term_string"}],"inLanguage":"hu"},{"@type":"Organization","@id":"https:\/\/mnamk.hu\/index-old.php\/#organization","name":"MNAMK","url":"https:\/\/mnamk.hu\/index-old.php\/","logo":{"@type":"ImageObject","inLanguage":"hu","@id":"https:\/\/mnamk.hu\/index-old.php\/#\/schema\/logo\/image\/","url":"https:\/\/mnamk.hu\/wp\/wp-content\/uploads\/2020\/08\/logo.jpg","contentUrl":"https:\/\/mnamk.hu\/wp\/wp-content\/uploads\/2020\/08\/logo.jpg","width":482,"height":276,"caption":"MNAMK"},"image":{"@id":"https:\/\/mnamk.hu\/index-old.php\/#\/schema\/logo\/image\/"}}]}},"_links":{"self":[{"href":"https:\/\/mnamk.hu\/index-old.php\/wp-json\/wp\/v2\/pages\/14609","targetHints":{"allow":["GET"]}}],"collection":[{"href":"https:\/\/mnamk.hu\/index-old.php\/wp-json\/wp\/v2\/pages"}],"about":[{"href":"https:\/\/mnamk.hu\/index-old.php\/wp-json\/wp\/v2\/types\/page"}],"author":[{"embeddable":true,"href":"https:\/\/mnamk.hu\/index-old.php\/wp-json\/wp\/v2\/users\/22"}],"replies":[{"embeddable":true,"href":"https:\/\/mnamk.hu\/index-old.php\/wp-json\/wp\/v2\/comments?post=14609"}],"version-history":[{"count":5,"href":"https:\/\/mnamk.hu\/index-old.php\/wp-json\/wp\/v2\/pages\/14609\/revisions"}],"predecessor-version":[{"id":51071,"href":"https:\/\/mnamk.hu\/index-old.php\/wp-json\/wp\/v2\/pages\/14609\/revisions\/51071"}],"up":[{"embeddable":true,"href":"https:\/\/mnamk.hu\/index-old.php\/wp-json\/wp\/v2\/pages\/14598"}],"wp:attachment":[{"href":"https:\/\/mnamk.hu\/index-old.php\/wp-json\/wp\/v2\/media?parent=14609"}],"curies":[{"name":"wp","href":"https:\/\/api.w.org\/{rel}","templated":true}]}}