{"id":15147,"date":"2016-05-03T02:31:25","date_gmt":"2016-05-03T02:31:25","guid":{"rendered":"https:\/\/mnamk.hu\/wp\/kollegium-3\/koezzeteteli-koli\/"},"modified":"2023-09-13T09:15:22","modified_gmt":"2023-09-13T07:15:22","slug":"koezzeteteli-koli","status":"publish","type":"page","link":"https:\/\/mnamk.hu\/index-old.php\/kollegium-3\/koezzeteteli-koli\/","title":{"rendered":"K\u00f6zz\u00e9t\u00e9teli lista"},"content":{"rendered":"\n<div class=\"wp-block-group\"><div class=\"wp-block-group__inner-container is-layout-flow wp-block-group-is-layout-flow\">\n<div class=\"wp-block-group\"><div class=\"wp-block-group__inner-container is-layout-flow wp-block-group-is-layout-flow\">\n<ul>\n<li>\n<p><strong><a href=\"https:\/\/mnamk.hu\/wp\/beiratkozasra-meghatarozott-ido-fenntarto-altal-engedelyezett-tanulocsoportok\/\" target=\"_blank\" rel=\"noopener noreferrer\"><span style=\"font-size: normal;\">Beiratkoz\u00e1sra meghat\u00e1rozott id\u0151\u00a0<\/span><\/a><\/strong><\/p>\n<\/li>\n<li>\n<p><strong><a href=\"https:\/\/mnamk.hu\/wp\/externatusi-ellatas-igenybevetelenek-lehetoseg\/\" target=\"_blank\" rel=\"noopener noreferrer\"><span style=\"font-size: normal;\">Extern\u00e1tusi ell\u00e1t\u00e1s ig\u00e9nybev\u00e9tel\u00e9nek lehet\u0151s\u00e9g<\/span><\/a><\/strong><\/p>\n<\/li>\n<li>\n<p><strong><a href=\"https:\/\/mnamk.hu\/wp\/felveteli-lehetosegekrol-szolo-tajekoztato\/\" target=\"_blank\" rel=\"noopener noreferrer\"><span style=\"font-size: normal;\">Felv\u00e9teli lehet\u0151s\u00e9gekr\u0151l sz\u00f3l\u00f3 t\u00e1j\u00e9koztat\u00f3<\/span><\/a><\/strong><\/p>\n<\/li>\n<li>\n<p><strong><a href=\"https:\/\/mnamk.hu\/wp\/intezmenyegyseg-nyitvatartasi-rendje\/\" target=\"_blank\" rel=\"noopener noreferrer\"><span style=\"font-size: normal;\">Int\u00e9zm\u00e9nyegys\u00e9g nyitvatart\u00e1si rendje<\/span><\/a><\/strong><\/p>\n<\/li>\n<li>\n<p><strong><a href=\"https:\/\/mnamk.hu\/kollegium-2\/hazirendkoll\/\"><span style=\"font-size: normal;\">Koll\u00e9gium h\u00e1zirend<\/span><\/a><\/strong><\/p>\n<\/li>\n<li>\n<p><strong><a href=\"https:\/\/mnamk.hu\/wp\/kollegiumi-csoportok-szama-az-abban-tanulok-letszama\/\" target=\"_blank\" rel=\"noopener noreferrer\"><span style=\"font-size: normal;\">Koll\u00e9giumi csoportok sz\u00e1ma<\/span><\/a><\/strong><\/p>\n<\/li>\n<li>\n<p><strong><a href=\"https:\/\/mnamk.hu\/wp\/pedagogusok-iskolai-vegzettsege-szakkepzettsege\/\" target=\"_blank\" rel=\"noopener noreferrer\"><span style=\"font-size: normal;\">Pedag\u00f3gusok iskolai v\u00e9gzetts\u00e9ge<\/span><\/a><\/strong><\/p>\n<\/li>\n<li>\n<p><strong><a href=\"https:\/\/mnamk.hu\/kollegium-2\/szabadidos-foglalkozasok\/\" target=\"_blank\" rel=\"noopener noreferrer\"><span style=\"font-size: normal;\">Szabadid\u0151s foglalkoz\u00e1sok<\/span><\/a><\/strong><\/p>\n<\/li>\n<li>\n<p><strong><a href=\"https:\/\/mnamk.hu\/wp\/teritesi-dij-egyeb-dijfizetesi-koetelezettsegek-kedvezmenyek-merteke-igenybeveteluek-szabalyai\/\" target=\"_blank\" rel=\"noopener noreferrer\"><span style=\"font-size: normal;\">T\u00e9r\u00edt\u00e9si d\u00edj, egy\u00e9b d\u00edjfizet\u00e9si k\u00f6telezetts\u00e9gek, kedvezm\u00e9nyek m\u00e9rt\u00e9ke ig\u00e9nybev\u00e9tel\u00fck szab\u00e1lyai<\/span><\/a><\/strong><\/p>\n<\/li>\n<li>\n<p><strong><a href=\"https:\/\/mnamk.hu\/pedagogiai-es-muvelodesi-program\/\"><span style=\"font-size: normal;\">Pedag\u00f3giai program<\/span><\/a><\/strong><\/p>\n<\/li>\n<li>\n<p><strong><a style=\"font-size: normal;\" href=\"https:\/\/mnamk.hu\/szmsz\/\">SZMSZ<\/a><\/strong><\/p>\n<\/li>\n<\/ul>\n<\/div><\/div>\n<\/div><\/div>\n\n\n\n<p><\/p>\n","protected":false},"excerpt":{"rendered":"<p>Beiratkoz\u00e1sra meghat\u00e1rozott id\u0151\u00a0 Extern\u00e1tusi ell\u00e1t\u00e1s ig\u00e9nybev\u00e9tel\u00e9nek lehet\u0151s\u00e9g Felv\u00e9teli lehet\u0151s\u00e9gekr\u0151l sz\u00f3l\u00f3 t\u00e1j\u00e9koztat\u00f3 Int\u00e9zm\u00e9nyegys\u00e9g nyitvatart\u00e1si rendje Koll\u00e9gium h\u00e1zirend Koll\u00e9giumi csoportok sz\u00e1ma Pedag\u00f3gusok iskolai v\u00e9gzetts\u00e9ge Szabadid\u0151s foglalkoz\u00e1sok T\u00e9r\u00edt\u00e9si d\u00edj, egy\u00e9b d\u00edjfizet\u00e9si k\u00f6telezetts\u00e9gek, kedvezm\u00e9nyek m\u00e9rt\u00e9ke ig\u00e9nybev\u00e9tel\u00fck szab\u00e1lyai Pedag\u00f3giai program SZMSZ<\/p>\n","protected":false},"author":22,"featured_media":0,"parent":15144,"menu_order":0,"comment_status":"closed","ping_status":"closed","template":"","meta":{"footnotes":""},"class_list":["post-15147","page","type-page","status-publish","hentry"],"yoast_head":"<!-- This site is optimized with the Yoast SEO plugin v20.9 - https:\/\/yoast.com\/wordpress\/plugins\/seo\/ -->\n<title>K\u00f6zz\u00e9t\u00e9teli lista - MN\u00c1MK-UBZ<\/title>\n<meta name=\"robots\" content=\"index, follow, max-snippet:-1, max-image-preview:large, max-video-preview:-1\" \/>\n<link rel=\"canonical\" href=\"https:\/\/mnamk.hu\/index-old.php\/kollegium-3\/koezzeteteli-koli\/\" \/>\n<meta property=\"og:locale\" content=\"hu_HU\" \/>\n<meta property=\"og:type\" content=\"article\" \/>\n<meta property=\"og:title\" content=\"K\u00f6zz\u00e9t\u00e9teli lista - MN\u00c1MK-UBZ\" \/>\n<meta property=\"og:description\" content=\"Beiratkoz\u00e1sra meghat\u00e1rozott id\u0151\u00a0 Extern\u00e1tusi ell\u00e1t\u00e1s ig\u00e9nybev\u00e9tel\u00e9nek lehet\u0151s\u00e9g Felv\u00e9teli lehet\u0151s\u00e9gekr\u0151l sz\u00f3l\u00f3 t\u00e1j\u00e9koztat\u00f3 Int\u00e9zm\u00e9nyegys\u00e9g nyitvatart\u00e1si rendje Koll\u00e9gium h\u00e1zirend Koll\u00e9giumi csoportok sz\u00e1ma Pedag\u00f3gusok iskolai v\u00e9gzetts\u00e9ge Szabadid\u0151s foglalkoz\u00e1sok T\u00e9r\u00edt\u00e9si d\u00edj, egy\u00e9b d\u00edjfizet\u00e9si k\u00f6telezetts\u00e9gek, kedvezm\u00e9nyek m\u00e9rt\u00e9ke ig\u00e9nybev\u00e9tel\u00fck szab\u00e1lyai Pedag\u00f3giai program SZMSZ\" \/>\n<meta property=\"og:url\" content=\"https:\/\/mnamk.hu\/index-old.php\/kollegium-3\/koezzeteteli-koli\/\" \/>\n<meta property=\"og:site_name\" content=\"MN\u00c1MK-UBZ\" \/>\n<meta property=\"article:modified_time\" content=\"2023-09-13T07:15:22+00:00\" \/>\n<meta name=\"twitter:card\" content=\"summary_large_image\" \/>\n<meta name=\"twitter:label1\" content=\"Becs\u00fclt olvas\u00e1si id\u0151\" \/>\n\t<meta name=\"twitter:data1\" content=\"1 perc\" \/>\n<script type=\"application\/ld+json\" class=\"yoast-schema-graph\">{\"@context\":\"https:\/\/schema.org\",\"@graph\":[{\"@type\":\"WebPage\",\"@id\":\"https:\/\/mnamk.hu\/index-old.php\/kollegium-3\/koezzeteteli-koli\/\",\"url\":\"https:\/\/mnamk.hu\/index-old.php\/kollegium-3\/koezzeteteli-koli\/\",\"name\":\"K\u00f6zz\u00e9t\u00e9teli lista - MN\u00c1MK-UBZ\",\"isPartOf\":{\"@id\":\"https:\/\/mnamk.hu\/index-old.php\/#website\"},\"datePublished\":\"2016-05-03T02:31:25+00:00\",\"dateModified\":\"2023-09-13T07:15:22+00:00\",\"breadcrumb\":{\"@id\":\"https:\/\/mnamk.hu\/index-old.php\/kollegium-3\/koezzeteteli-koli\/#breadcrumb\"},\"inLanguage\":\"hu\",\"potentialAction\":[{\"@type\":\"ReadAction\",\"target\":[\"https:\/\/mnamk.hu\/index-old.php\/kollegium-3\/koezzeteteli-koli\/\"]}]},{\"@type\":\"BreadcrumbList\",\"@id\":\"https:\/\/mnamk.hu\/index-old.php\/kollegium-3\/koezzeteteli-koli\/#breadcrumb\",\"itemListElement\":[{\"@type\":\"ListItem\",\"position\":1,\"name\":\"Startseite\",\"item\":\"https:\/\/mnamk.hu\/\"},{\"@type\":\"ListItem\",\"position\":2,\"name\":\"\u00dcdv\u00f6z\u00f6lj\u00fck Koll\u00e9giumunk f\u0151oldal\u00e1n!\",\"item\":\"https:\/\/mnamk.hu\/index-old.php\/kollegium-3\/\"},{\"@type\":\"ListItem\",\"position\":3,\"name\":\"K\u00f6zz\u00e9t\u00e9teli lista\"}]},{\"@type\":\"WebSite\",\"@id\":\"https:\/\/mnamk.hu\/index-old.php\/#website\",\"url\":\"https:\/\/mnamk.hu\/index-old.php\/\",\"name\":\"MN\u00c1MK-UBZ\",\"description\":\"\",\"publisher\":{\"@id\":\"https:\/\/mnamk.hu\/index-old.php\/#organization\"},\"potentialAction\":[{\"@type\":\"SearchAction\",\"target\":{\"@type\":\"EntryPoint\",\"urlTemplate\":\"https:\/\/mnamk.hu\/index-old.php\/?s={search_term_string}\"},\"query-input\":\"required name=search_term_string\"}],\"inLanguage\":\"hu\"},{\"@type\":\"Organization\",\"@id\":\"https:\/\/mnamk.hu\/index-old.php\/#organization\",\"name\":\"MNAMK\",\"url\":\"https:\/\/mnamk.hu\/index-old.php\/\",\"logo\":{\"@type\":\"ImageObject\",\"inLanguage\":\"hu\",\"@id\":\"https:\/\/mnamk.hu\/index-old.php\/#\/schema\/logo\/image\/\",\"url\":\"https:\/\/mnamk.hu\/wp\/wp-content\/uploads\/2020\/08\/logo.jpg\",\"contentUrl\":\"https:\/\/mnamk.hu\/wp\/wp-content\/uploads\/2020\/08\/logo.jpg\",\"width\":482,\"height\":276,\"caption\":\"MNAMK\"},\"image\":{\"@id\":\"https:\/\/mnamk.hu\/index-old.php\/#\/schema\/logo\/image\/\"}}]}<\/script>\n<!-- \/ Yoast SEO plugin. -->","yoast_head_json":{"title":"K\u00f6zz\u00e9t\u00e9teli lista - MN\u00c1MK-UBZ","robots":{"index":"index","follow":"follow","max-snippet":"max-snippet:-1","max-image-preview":"max-image-preview:large","max-video-preview":"max-video-preview:-1"},"canonical":"https:\/\/mnamk.hu\/index-old.php\/kollegium-3\/koezzeteteli-koli\/","og_locale":"hu_HU","og_type":"article","og_title":"K\u00f6zz\u00e9t\u00e9teli lista - MN\u00c1MK-UBZ","og_description":"Beiratkoz\u00e1sra meghat\u00e1rozott id\u0151\u00a0 Extern\u00e1tusi ell\u00e1t\u00e1s ig\u00e9nybev\u00e9tel\u00e9nek lehet\u0151s\u00e9g Felv\u00e9teli lehet\u0151s\u00e9gekr\u0151l sz\u00f3l\u00f3 t\u00e1j\u00e9koztat\u00f3 Int\u00e9zm\u00e9nyegys\u00e9g nyitvatart\u00e1si rendje Koll\u00e9gium h\u00e1zirend Koll\u00e9giumi csoportok sz\u00e1ma Pedag\u00f3gusok iskolai v\u00e9gzetts\u00e9ge Szabadid\u0151s foglalkoz\u00e1sok T\u00e9r\u00edt\u00e9si d\u00edj, egy\u00e9b d\u00edjfizet\u00e9si k\u00f6telezetts\u00e9gek, kedvezm\u00e9nyek m\u00e9rt\u00e9ke ig\u00e9nybev\u00e9tel\u00fck szab\u00e1lyai Pedag\u00f3giai program SZMSZ","og_url":"https:\/\/mnamk.hu\/index-old.php\/kollegium-3\/koezzeteteli-koli\/","og_site_name":"MN\u00c1MK-UBZ","article_modified_time":"2023-09-13T07:15:22+00:00","twitter_card":"summary_large_image","twitter_misc":{"Becs\u00fclt olvas\u00e1si id\u0151":"1 perc"},"schema":{"@context":"https:\/\/schema.org","@graph":[{"@type":"WebPage","@id":"https:\/\/mnamk.hu\/index-old.php\/kollegium-3\/koezzeteteli-koli\/","url":"https:\/\/mnamk.hu\/index-old.php\/kollegium-3\/koezzeteteli-koli\/","name":"K\u00f6zz\u00e9t\u00e9teli lista - MN\u00c1MK-UBZ","isPartOf":{"@id":"https:\/\/mnamk.hu\/index-old.php\/#website"},"datePublished":"2016-05-03T02:31:25+00:00","dateModified":"2023-09-13T07:15:22+00:00","breadcrumb":{"@id":"https:\/\/mnamk.hu\/index-old.php\/kollegium-3\/koezzeteteli-koli\/#breadcrumb"},"inLanguage":"hu","potentialAction":[{"@type":"ReadAction","target":["https:\/\/mnamk.hu\/index-old.php\/kollegium-3\/koezzeteteli-koli\/"]}]},{"@type":"BreadcrumbList","@id":"https:\/\/mnamk.hu\/index-old.php\/kollegium-3\/koezzeteteli-koli\/#breadcrumb","itemListElement":[{"@type":"ListItem","position":1,"name":"Startseite","item":"https:\/\/mnamk.hu\/"},{"@type":"ListItem","position":2,"name":"\u00dcdv\u00f6z\u00f6lj\u00fck Koll\u00e9giumunk f\u0151oldal\u00e1n!","item":"https:\/\/mnamk.hu\/index-old.php\/kollegium-3\/"},{"@type":"ListItem","position":3,"name":"K\u00f6zz\u00e9t\u00e9teli lista"}]},{"@type":"WebSite","@id":"https:\/\/mnamk.hu\/index-old.php\/#website","url":"https:\/\/mnamk.hu\/index-old.php\/","name":"MN\u00c1MK-UBZ","description":"","publisher":{"@id":"https:\/\/mnamk.hu\/index-old.php\/#organization"},"potentialAction":[{"@type":"SearchAction","target":{"@type":"EntryPoint","urlTemplate":"https:\/\/mnamk.hu\/index-old.php\/?s={search_term_string}"},"query-input":"required name=search_term_string"}],"inLanguage":"hu"},{"@type":"Organization","@id":"https:\/\/mnamk.hu\/index-old.php\/#organization","name":"MNAMK","url":"https:\/\/mnamk.hu\/index-old.php\/","logo":{"@type":"ImageObject","inLanguage":"hu","@id":"https:\/\/mnamk.hu\/index-old.php\/#\/schema\/logo\/image\/","url":"https:\/\/mnamk.hu\/wp\/wp-content\/uploads\/2020\/08\/logo.jpg","contentUrl":"https:\/\/mnamk.hu\/wp\/wp-content\/uploads\/2020\/08\/logo.jpg","width":482,"height":276,"caption":"MNAMK"},"image":{"@id":"https:\/\/mnamk.hu\/index-old.php\/#\/schema\/logo\/image\/"}}]}},"_links":{"self":[{"href":"https:\/\/mnamk.hu\/index-old.php\/wp-json\/wp\/v2\/pages\/15147","targetHints":{"allow":["GET"]}}],"collection":[{"href":"https:\/\/mnamk.hu\/index-old.php\/wp-json\/wp\/v2\/pages"}],"about":[{"href":"https:\/\/mnamk.hu\/index-old.php\/wp-json\/wp\/v2\/types\/page"}],"author":[{"embeddable":true,"href":"https:\/\/mnamk.hu\/index-old.php\/wp-json\/wp\/v2\/users\/22"}],"replies":[{"embeddable":true,"href":"https:\/\/mnamk.hu\/index-old.php\/wp-json\/wp\/v2\/comments?post=15147"}],"version-history":[{"count":5,"href":"https:\/\/mnamk.hu\/index-old.php\/wp-json\/wp\/v2\/pages\/15147\/revisions"}],"predecessor-version":[{"id":50846,"href":"https:\/\/mnamk.hu\/index-old.php\/wp-json\/wp\/v2\/pages\/15147\/revisions\/50846"}],"up":[{"embeddable":true,"href":"https:\/\/mnamk.hu\/index-old.php\/wp-json\/wp\/v2\/pages\/15144"}],"wp:attachment":[{"href":"https:\/\/mnamk.hu\/index-old.php\/wp-json\/wp\/v2\/media?parent=15147"}],"curies":[{"name":"wp","href":"https:\/\/api.w.org\/{rel}","templated":true}]}}