{"id":24185,"date":"2020-10-12T08:23:16","date_gmt":"2020-10-12T08:23:16","guid":{"rendered":"https:\/\/mnamk.hu\/wp\/?page_id=24185"},"modified":"2023-08-14T10:47:27","modified_gmt":"2023-08-14T08:47:27","slug":"beiratkozasra-meghatarozott-ido-fenntarto-altal-engedelyezett-tanulocsoportok","status":"publish","type":"page","link":"https:\/\/mnamk.hu\/index-old.php\/beiratkozasra-meghatarozott-ido-fenntarto-altal-engedelyezett-tanulocsoportok\/","title":{"rendered":"Beiratkoz\u00e1sra meghat\u00e1rozott id\u0151, fenntart\u00f3 \u00e1ltal enged\u00e9lyezett tanul\u00f3csoportok"},"content":{"rendered":"\n<p>A k\u00f6z\u00e9piskol\u00e1t adott tan\u00e9v szeptember\u00e9ben megkezd\u0151 tanul\u00f3k eset\u00e9ben a beiratkoz\u00e1s a k\u00f6z\u00e9piskol\u00e1val egy id\u0151ben t\u00f6rt\u00e9nik. Ennek id\u0151pontj\u00e1r\u00f3l a sz\u00fcl\u0151t a &#8211; felv\u00e9teli \u00e9rtes\u00edt\u0151vel egy id\u0151ben az int\u00e9zm\u00e9nyegys\u00e9g vezet\u0151 \u00edr\u00e1sban t\u00e1j\u00e9koztatja.<br>Tan\u00e9v sor\u00e1n t\u00f6rt\u00e9n\u0151 jelentkez\u00e9s eset\u00e9n a felv\u00e9telt k\u00f6vet\u0151 els\u0151 tan\u00edt\u00e1si nap t\u00f6rt\u00e9nik a beiratkoz\u00e1s.<br>A tan\u00e9v v\u00e9g\u00e9n megsz\u0171n\u0151 koll\u00e9giumi jogviszony meg\u00faj\u00edt\u00e1sa eset\u00e9n a beiratkoz\u00e1s napja szeptember 1.<\/p>\n","protected":false},"excerpt":{"rendered":"<p>A k\u00f6z\u00e9piskol\u00e1t adott tan\u00e9v szeptember\u00e9ben megkezd\u0151 tanul\u00f3k eset\u00e9ben a beiratkoz\u00e1s a k\u00f6z\u00e9piskol\u00e1val egy id\u0151ben t\u00f6rt\u00e9nik. Ennek id\u0151pontj\u00e1r\u00f3l a sz\u00fcl\u0151t a &#8211; felv\u00e9teli \u00e9rtes\u00edt\u0151vel egy id\u0151ben az int\u00e9zm\u00e9nyegys\u00e9g vezet\u0151 \u00edr\u00e1sban t\u00e1j\u00e9koztatja.Tan\u00e9v sor\u00e1n t\u00f6rt\u00e9n\u0151 jelentkez\u00e9s eset\u00e9n a felv\u00e9telt k\u00f6vet\u0151 els\u0151 tan\u00edt\u00e1si nap t\u00f6rt\u00e9nik a beiratkoz\u00e1s.A tan\u00e9v v\u00e9g\u00e9n megsz\u0171n\u0151 koll\u00e9giumi jogviszony meg\u00faj\u00edt\u00e1sa eset\u00e9n a beiratkoz\u00e1s napja szeptember 1.<\/p>\n","protected":false},"author":22,"featured_media":0,"parent":0,"menu_order":0,"comment_status":"closed","ping_status":"closed","template":"","meta":{"footnotes":""},"class_list":["post-24185","page","type-page","status-publish","hentry"],"yoast_head":"<!-- This site is optimized with the Yoast SEO plugin v20.9 - https:\/\/yoast.com\/wordpress\/plugins\/seo\/ -->\n<title>Beiratkoz\u00e1sra meghat\u00e1rozott id\u0151, fenntart\u00f3 \u00e1ltal enged\u00e9lyezett tanul\u00f3csoportok - MN\u00c1MK-UBZ<\/title>\n<meta name=\"robots\" content=\"index, follow, max-snippet:-1, max-image-preview:large, max-video-preview:-1\" \/>\n<link rel=\"canonical\" href=\"https:\/\/mnamk.hu\/index-old.php\/beiratkozasra-meghatarozott-ido-fenntarto-altal-engedelyezett-tanulocsoportok\/\" \/>\n<meta property=\"og:locale\" content=\"hu_HU\" \/>\n<meta property=\"og:type\" content=\"article\" \/>\n<meta property=\"og:title\" content=\"Beiratkoz\u00e1sra meghat\u00e1rozott id\u0151, fenntart\u00f3 \u00e1ltal enged\u00e9lyezett tanul\u00f3csoportok - MN\u00c1MK-UBZ\" \/>\n<meta property=\"og:description\" content=\"A k\u00f6z\u00e9piskol\u00e1t adott tan\u00e9v szeptember\u00e9ben megkezd\u0151 tanul\u00f3k eset\u00e9ben a beiratkoz\u00e1s a k\u00f6z\u00e9piskol\u00e1val egy id\u0151ben t\u00f6rt\u00e9nik. Ennek id\u0151pontj\u00e1r\u00f3l a sz\u00fcl\u0151t a &#8211; felv\u00e9teli \u00e9rtes\u00edt\u0151vel egy id\u0151ben az int\u00e9zm\u00e9nyegys\u00e9g vezet\u0151 \u00edr\u00e1sban t\u00e1j\u00e9koztatja.Tan\u00e9v sor\u00e1n t\u00f6rt\u00e9n\u0151 jelentkez\u00e9s eset\u00e9n a felv\u00e9telt k\u00f6vet\u0151 els\u0151 tan\u00edt\u00e1si nap t\u00f6rt\u00e9nik a beiratkoz\u00e1s.A tan\u00e9v v\u00e9g\u00e9n megsz\u0171n\u0151 koll\u00e9giumi jogviszony meg\u00faj\u00edt\u00e1sa eset\u00e9n a beiratkoz\u00e1s napja szeptember 1.\" \/>\n<meta property=\"og:url\" content=\"https:\/\/mnamk.hu\/index-old.php\/beiratkozasra-meghatarozott-ido-fenntarto-altal-engedelyezett-tanulocsoportok\/\" \/>\n<meta property=\"og:site_name\" content=\"MN\u00c1MK-UBZ\" \/>\n<meta property=\"article:modified_time\" content=\"2023-08-14T08:47:27+00:00\" \/>\n<meta name=\"twitter:card\" content=\"summary_large_image\" \/>\n<meta name=\"twitter:label1\" content=\"Becs\u00fclt olvas\u00e1si id\u0151\" \/>\n\t<meta name=\"twitter:data1\" content=\"1 perc\" \/>\n<script type=\"application\/ld+json\" class=\"yoast-schema-graph\">{\"@context\":\"https:\/\/schema.org\",\"@graph\":[{\"@type\":\"WebPage\",\"@id\":\"https:\/\/mnamk.hu\/index-old.php\/beiratkozasra-meghatarozott-ido-fenntarto-altal-engedelyezett-tanulocsoportok\/\",\"url\":\"https:\/\/mnamk.hu\/index-old.php\/beiratkozasra-meghatarozott-ido-fenntarto-altal-engedelyezett-tanulocsoportok\/\",\"name\":\"Beiratkoz\u00e1sra meghat\u00e1rozott id\u0151, fenntart\u00f3 \u00e1ltal enged\u00e9lyezett tanul\u00f3csoportok - MN\u00c1MK-UBZ\",\"isPartOf\":{\"@id\":\"https:\/\/mnamk.hu\/index-old.php\/#website\"},\"datePublished\":\"2020-10-12T08:23:16+00:00\",\"dateModified\":\"2023-08-14T08:47:27+00:00\",\"breadcrumb\":{\"@id\":\"https:\/\/mnamk.hu\/index-old.php\/beiratkozasra-meghatarozott-ido-fenntarto-altal-engedelyezett-tanulocsoportok\/#breadcrumb\"},\"inLanguage\":\"hu\",\"potentialAction\":[{\"@type\":\"ReadAction\",\"target\":[\"https:\/\/mnamk.hu\/index-old.php\/beiratkozasra-meghatarozott-ido-fenntarto-altal-engedelyezett-tanulocsoportok\/\"]}]},{\"@type\":\"BreadcrumbList\",\"@id\":\"https:\/\/mnamk.hu\/index-old.php\/beiratkozasra-meghatarozott-ido-fenntarto-altal-engedelyezett-tanulocsoportok\/#breadcrumb\",\"itemListElement\":[{\"@type\":\"ListItem\",\"position\":1,\"name\":\"Startseite\",\"item\":\"https:\/\/mnamk.hu\/\"},{\"@type\":\"ListItem\",\"position\":2,\"name\":\"Beiratkoz\u00e1sra meghat\u00e1rozott id\u0151, fenntart\u00f3 \u00e1ltal enged\u00e9lyezett tanul\u00f3csoportok\"}]},{\"@type\":\"WebSite\",\"@id\":\"https:\/\/mnamk.hu\/index-old.php\/#website\",\"url\":\"https:\/\/mnamk.hu\/index-old.php\/\",\"name\":\"MN\u00c1MK-UBZ\",\"description\":\"\",\"publisher\":{\"@id\":\"https:\/\/mnamk.hu\/index-old.php\/#organization\"},\"potentialAction\":[{\"@type\":\"SearchAction\",\"target\":{\"@type\":\"EntryPoint\",\"urlTemplate\":\"https:\/\/mnamk.hu\/index-old.php\/?s={search_term_string}\"},\"query-input\":\"required name=search_term_string\"}],\"inLanguage\":\"hu\"},{\"@type\":\"Organization\",\"@id\":\"https:\/\/mnamk.hu\/index-old.php\/#organization\",\"name\":\"MNAMK\",\"url\":\"https:\/\/mnamk.hu\/index-old.php\/\",\"logo\":{\"@type\":\"ImageObject\",\"inLanguage\":\"hu\",\"@id\":\"https:\/\/mnamk.hu\/index-old.php\/#\/schema\/logo\/image\/\",\"url\":\"https:\/\/mnamk.hu\/wp\/wp-content\/uploads\/2020\/08\/logo.jpg\",\"contentUrl\":\"https:\/\/mnamk.hu\/wp\/wp-content\/uploads\/2020\/08\/logo.jpg\",\"width\":482,\"height\":276,\"caption\":\"MNAMK\"},\"image\":{\"@id\":\"https:\/\/mnamk.hu\/index-old.php\/#\/schema\/logo\/image\/\"}}]}<\/script>\n<!-- \/ Yoast SEO plugin. -->","yoast_head_json":{"title":"Beiratkoz\u00e1sra meghat\u00e1rozott id\u0151, fenntart\u00f3 \u00e1ltal enged\u00e9lyezett tanul\u00f3csoportok - MN\u00c1MK-UBZ","robots":{"index":"index","follow":"follow","max-snippet":"max-snippet:-1","max-image-preview":"max-image-preview:large","max-video-preview":"max-video-preview:-1"},"canonical":"https:\/\/mnamk.hu\/index-old.php\/beiratkozasra-meghatarozott-ido-fenntarto-altal-engedelyezett-tanulocsoportok\/","og_locale":"hu_HU","og_type":"article","og_title":"Beiratkoz\u00e1sra meghat\u00e1rozott id\u0151, fenntart\u00f3 \u00e1ltal enged\u00e9lyezett tanul\u00f3csoportok - MN\u00c1MK-UBZ","og_description":"A k\u00f6z\u00e9piskol\u00e1t adott tan\u00e9v szeptember\u00e9ben megkezd\u0151 tanul\u00f3k eset\u00e9ben a beiratkoz\u00e1s a k\u00f6z\u00e9piskol\u00e1val egy id\u0151ben t\u00f6rt\u00e9nik. Ennek id\u0151pontj\u00e1r\u00f3l a sz\u00fcl\u0151t a &#8211; felv\u00e9teli \u00e9rtes\u00edt\u0151vel egy id\u0151ben az int\u00e9zm\u00e9nyegys\u00e9g vezet\u0151 \u00edr\u00e1sban t\u00e1j\u00e9koztatja.Tan\u00e9v sor\u00e1n t\u00f6rt\u00e9n\u0151 jelentkez\u00e9s eset\u00e9n a felv\u00e9telt k\u00f6vet\u0151 els\u0151 tan\u00edt\u00e1si nap t\u00f6rt\u00e9nik a beiratkoz\u00e1s.A tan\u00e9v v\u00e9g\u00e9n megsz\u0171n\u0151 koll\u00e9giumi jogviszony meg\u00faj\u00edt\u00e1sa eset\u00e9n a beiratkoz\u00e1s napja szeptember 1.","og_url":"https:\/\/mnamk.hu\/index-old.php\/beiratkozasra-meghatarozott-ido-fenntarto-altal-engedelyezett-tanulocsoportok\/","og_site_name":"MN\u00c1MK-UBZ","article_modified_time":"2023-08-14T08:47:27+00:00","twitter_card":"summary_large_image","twitter_misc":{"Becs\u00fclt olvas\u00e1si id\u0151":"1 perc"},"schema":{"@context":"https:\/\/schema.org","@graph":[{"@type":"WebPage","@id":"https:\/\/mnamk.hu\/index-old.php\/beiratkozasra-meghatarozott-ido-fenntarto-altal-engedelyezett-tanulocsoportok\/","url":"https:\/\/mnamk.hu\/index-old.php\/beiratkozasra-meghatarozott-ido-fenntarto-altal-engedelyezett-tanulocsoportok\/","name":"Beiratkoz\u00e1sra meghat\u00e1rozott id\u0151, fenntart\u00f3 \u00e1ltal enged\u00e9lyezett tanul\u00f3csoportok - MN\u00c1MK-UBZ","isPartOf":{"@id":"https:\/\/mnamk.hu\/index-old.php\/#website"},"datePublished":"2020-10-12T08:23:16+00:00","dateModified":"2023-08-14T08:47:27+00:00","breadcrumb":{"@id":"https:\/\/mnamk.hu\/index-old.php\/beiratkozasra-meghatarozott-ido-fenntarto-altal-engedelyezett-tanulocsoportok\/#breadcrumb"},"inLanguage":"hu","potentialAction":[{"@type":"ReadAction","target":["https:\/\/mnamk.hu\/index-old.php\/beiratkozasra-meghatarozott-ido-fenntarto-altal-engedelyezett-tanulocsoportok\/"]}]},{"@type":"BreadcrumbList","@id":"https:\/\/mnamk.hu\/index-old.php\/beiratkozasra-meghatarozott-ido-fenntarto-altal-engedelyezett-tanulocsoportok\/#breadcrumb","itemListElement":[{"@type":"ListItem","position":1,"name":"Startseite","item":"https:\/\/mnamk.hu\/"},{"@type":"ListItem","position":2,"name":"Beiratkoz\u00e1sra meghat\u00e1rozott id\u0151, fenntart\u00f3 \u00e1ltal enged\u00e9lyezett tanul\u00f3csoportok"}]},{"@type":"WebSite","@id":"https:\/\/mnamk.hu\/index-old.php\/#website","url":"https:\/\/mnamk.hu\/index-old.php\/","name":"MN\u00c1MK-UBZ","description":"","publisher":{"@id":"https:\/\/mnamk.hu\/index-old.php\/#organization"},"potentialAction":[{"@type":"SearchAction","target":{"@type":"EntryPoint","urlTemplate":"https:\/\/mnamk.hu\/index-old.php\/?s={search_term_string}"},"query-input":"required name=search_term_string"}],"inLanguage":"hu"},{"@type":"Organization","@id":"https:\/\/mnamk.hu\/index-old.php\/#organization","name":"MNAMK","url":"https:\/\/mnamk.hu\/index-old.php\/","logo":{"@type":"ImageObject","inLanguage":"hu","@id":"https:\/\/mnamk.hu\/index-old.php\/#\/schema\/logo\/image\/","url":"https:\/\/mnamk.hu\/wp\/wp-content\/uploads\/2020\/08\/logo.jpg","contentUrl":"https:\/\/mnamk.hu\/wp\/wp-content\/uploads\/2020\/08\/logo.jpg","width":482,"height":276,"caption":"MNAMK"},"image":{"@id":"https:\/\/mnamk.hu\/index-old.php\/#\/schema\/logo\/image\/"}}]}},"_links":{"self":[{"href":"https:\/\/mnamk.hu\/index-old.php\/wp-json\/wp\/v2\/pages\/24185","targetHints":{"allow":["GET"]}}],"collection":[{"href":"https:\/\/mnamk.hu\/index-old.php\/wp-json\/wp\/v2\/pages"}],"about":[{"href":"https:\/\/mnamk.hu\/index-old.php\/wp-json\/wp\/v2\/types\/page"}],"author":[{"embeddable":true,"href":"https:\/\/mnamk.hu\/index-old.php\/wp-json\/wp\/v2\/users\/22"}],"replies":[{"embeddable":true,"href":"https:\/\/mnamk.hu\/index-old.php\/wp-json\/wp\/v2\/comments?post=24185"}],"version-history":[{"count":3,"href":"https:\/\/mnamk.hu\/index-old.php\/wp-json\/wp\/v2\/pages\/24185\/revisions"}],"predecessor-version":[{"id":50604,"href":"https:\/\/mnamk.hu\/index-old.php\/wp-json\/wp\/v2\/pages\/24185\/revisions\/50604"}],"wp:attachment":[{"href":"https:\/\/mnamk.hu\/index-old.php\/wp-json\/wp\/v2\/media?parent=24185"}],"curies":[{"name":"wp","href":"https:\/\/api.w.org\/{rel}","templated":true}]}}