{"id":24338,"date":"2020-10-12T19:43:53","date_gmt":"2020-10-12T19:43:53","guid":{"rendered":"https:\/\/mnamk.hu\/wp\/?page_id=24338"},"modified":"2024-11-28T12:50:45","modified_gmt":"2024-11-28T11:50:45","slug":"nyilt-nap","status":"publish","type":"page","link":"https:\/\/mnamk.hu\/index-old.php\/nyilt-nap\/","title":{"rendered":"Ny\u00edlt nap, ny\u00edlt \u00f3r\u00e1k a k\u00f6z\u00e9piskol\u00e1ban"},"content":{"rendered":"<div class=\"wp-block-image\">\n<figure class=\"aligncenter size-full is-resized\"><img decoding=\"async\" src=\"https:\/\/mnamk.hu\/wp\/wp-content\/uploads\/2024\/11\/nyiltnap_plakat_programos-1-1.jpg\" alt=\"\" class=\"wp-image-56317\" width=\"840\" height=\"1189\" srcset=\"https:\/\/mnamk.hu\/wp\/wp-content\/uploads\/2024\/11\/nyiltnap_plakat_programos-1-1.jpg 636w, https:\/\/mnamk.hu\/wp\/wp-content\/uploads\/2024\/11\/nyiltnap_plakat_programos-1-1-212x300.jpg 212w\" sizes=\"(max-width: 840px) 100vw, 840px\" \/><\/figure><\/div>\n\n<div class=\"wp-block-image\">\n<figure class=\"aligncenter size-full is-resized\"><img decoding=\"async\" src=\"https:\/\/mnamk.hu\/wp\/wp-content\/uploads\/2024\/10\/nyilt-nap-reg.jpg\" alt=\"\" class=\"wp-image-56093\" width=\"166\" height=\"194\" srcset=\"https:\/\/mnamk.hu\/wp\/wp-content\/uploads\/2024\/10\/nyilt-nap-reg.jpg 500w, https:\/\/mnamk.hu\/wp\/wp-content\/uploads\/2024\/10\/nyilt-nap-reg-257x300.jpg 257w\" sizes=\"(max-width: 166px) 100vw, 166px\" \/><\/figure><\/div>\n\n\n<div class=\"wp-block-buttons is-layout-flex wp-block-buttons-is-layout-flex\">\n<div class=\"wp-block-button\"><a class=\"wp-block-button__link has-white-color has-text-color has-background has-text-align-center wp-element-button\" style=\"background-color:#ff4100\">Jelentkez\u00e9s a helysz\u00ednen<\/a><\/div>\n<\/div>\n\n\n\n<figure class=\"wp-block-pullquote\"><blockquote><p><strong>2024. november 30-\u00e1n \/szombat\/ d\u00e9lel\u0151tt <\/strong>ny\u00edlt nap az MN\u00c1MK Gimn\u00e1zium\u00e1ban \u00e9s Technikum\u00e1ban.<\/p><\/blockquote><\/figure>\n\n\n\n<p><\/p>\n\n\n\n<p class=\"has-medium-font-size\">Ismerj\u00e9k meg az MN\u00c1MK Gimn\u00e1zium\u00e1t, amely a HVG k\u00f6z\u00e9piskolai rangsor\u00e1ban t\u00f6rt\u00e9nelemtant\u00e1rgyb\u00f3l orsz\u00e1gos 1. helyen \u00e1ll. Az alap\u00edtv\u00e1nyi iskol\u00e1k k\u00f6z\u00fcl int\u00e9zm\u00e9ny\u00fcnk a 2. helyet szerezte meg, \u00e9s Magyarorsz\u00e1g 100 legjobb gimn\u00e1ziuma k\u00f6z\u00fcl a 72. helyen \u00e1ll. (B\u0151vebb inform\u00e1ci\u00f3 lent a \u201eHVG rangsor\u2026\u201d r\u00e9szre kattintva olvashat\u00f3.)<\/p>\n\n\n\n<p class=\"has-medium-font-size\">Minden \u00e9rdekl\u0151d\u0151 hatodikos, hetedikes, nyolcadikos tanul\u00f3t \u00e9s sz\u00fcleiket v\u00e1rjuk egy tal\u00e1lkoz\u00e1sra, melynek sor\u00e1n els\u0151 k\u00e9zb\u0151l szerezhetnek inform\u00e1ci\u00f3t programunkr\u00f3l, az iskolai \u00e9letr\u0151l, a felv\u00e9teli felt\u00e9telekr\u0151l!<\/p>\n\n\n\n<p class=\"has-medium-font-size\">Ismerj\u00e9k meg egyed\u00fcl\u00e1ll\u00f3 k\u00e9pz\u00e9si k\u00edn\u00e1latunkat:<\/p>\n\n\n\n<ul class=\"has-medium-font-size wp-block-list\">\n<li>a n\u00e9met nemzetis\u00e9gi gimn\u00e1ziumot, ahol a 21. sz\u00e1zadi (digit\u00e1lis) oktat\u00e1s \u00e9s <br>a hagyom\u00e1ny\u0151rz\u00e9s harm\u00f3ni\u00e1ja val\u00f3sul meg<\/li>\n\n\n\n<li>a k\u00fclf\u00f6ldi n\u00e9met iskol\u00e1t, amelyben tand\u00edj fizet\u00e9s n\u00e9lk\u00fcl szerezhetnek a di\u00e1kok n\u00e9met \u00e9s <br>magyar \u00e9retts\u00e9gi bizony\u00edtv\u00e1nyt<\/li>\n\n\n\n<li>a n\u00e9met nemzetis\u00e9gi technikumot, ahol a di\u00e1kok turisztikai szakm\u00e1t,<br> valamint biztos n\u00e9met \u00e9s angol nyelvtud\u00e1st szerezhetnek <\/li>\n\n\n\n<li>a n\u00e9met nyelvi el\u0151k\u00e9sz\u00edt\u0151 oszt\u00e1lyokat.<\/li>\n<\/ul>\n\n\n\n<p class=\"has-text-align-center has-large-font-size\"><\/p>\n\n\n\n<figure class=\"wp-block-embed aligncenter is-type-video is-provider-youtube wp-block-embed-youtube wp-embed-aspect-16-9 wp-has-aspect-ratio\"><div class=\"wp-block-embed__wrapper\">\n<iframe title=\"Magyarorsz\u00e1gi N\u00e9metek \u00c1ltal\u00e1nos M\u0171vel\u0151d\u00e9si K\u00f6zpontja (MN\u00c1MK) bemutatkoz\u00f3film\" width=\"1150\" height=\"647\" src=\"https:\/\/www.youtube-nocookie.com\/embed\/i9gvMsLDeuc?feature=oembed\" frameborder=\"0\" allow=\"accelerometer; autoplay; clipboard-write; encrypted-media; gyroscope; picture-in-picture; web-share\" referrerpolicy=\"strict-origin-when-cross-origin\" allowfullscreen><\/iframe>\n<\/div><\/figure>\n\n\n\n<p><\/p>\n\n\n\n<h2 class=\"wp-block-heading has-text-align-left\"><a href=\"https:\/\/mnamk.hu\/hvg-rangsor-orszagos-1-toertenelembol-az-mnamk\/\">HVG rangsor: orsz\u00e1gos 1. t\u00f6rt\u00e9nelemb\u0151l az MN\u00c1MK<\/a><\/h2>\n\n\n\n<h2 class=\"wp-block-heading has-text-align-left has-vivid-cyan-blue-color has-text-color\"><a href=\"https:\/\/mnamk.hu\/orszagos-listan-harmadik-az-mnamk-gimnaziuma-2\/\">Orsz\u00e1gos list\u00e1n harmadik az MN\u00c1MK Gimn\u00e1ziuma 2022-ben!<\/a><\/h2>\n\n\n\n<p class=\"has-text-color has-background\" style=\"color:#fdc83e;background-color:#fdc83e\">Ny\u00edlt Nap <\/p>\n\n\n\n<h1 class=\"wp-block-heading has-text-align-center has-white-color has-white-background-color has-text-color has-background\"><\/h1>\n\n\n\n<figure class=\"wp-block-pullquote has-white-background-color has-background\"><blockquote><p><\/p><\/blockquote><\/figure>\n\n\n\n<figure class=\"wp-block-image size-full is-resized\"><img decoding=\"async\" src=\"https:\/\/mnamk.hu\/wp\/wp-content\/uploads\/2022\/10\/orak2022_2.jpg\" alt=\"\" class=\"wp-image-45261\" width=\"1013\" height=\"161\" srcset=\"https:\/\/mnamk.hu\/wp\/wp-content\/uploads\/2022\/10\/orak2022_2.jpg 1500w, https:\/\/mnamk.hu\/wp\/wp-content\/uploads\/2022\/10\/orak2022_2-300x48.jpg 300w, https:\/\/mnamk.hu\/wp\/wp-content\/uploads\/2022\/10\/orak2022_2-768x122.jpg 768w, https:\/\/mnamk.hu\/wp\/wp-content\/uploads\/2022\/10\/orak2022_2-150x24.jpg 150w\" sizes=\"(max-width: 1013px) 100vw, 1013px\" \/><\/figure>\n","protected":false},"excerpt":{"rendered":"<p>2024. november 30-\u00e1n \/szombat\/ d\u00e9lel\u0151tt ny\u00edlt nap az MN\u00c1MK Gimn\u00e1zium\u00e1ban \u00e9s Technikum\u00e1ban. Ismerj\u00e9k meg az MN\u00c1MK Gimn\u00e1zium\u00e1t, amely a HVG k\u00f6z\u00e9piskolai rangsor\u00e1ban t\u00f6rt\u00e9nelemtant\u00e1rgyb\u00f3l orsz\u00e1gos 1. helyen \u00e1ll. Az alap\u00edtv\u00e1nyi iskol\u00e1k k\u00f6z\u00fcl int\u00e9zm\u00e9ny\u00fcnk a 2. helyet szerezte meg, \u00e9s Magyarorsz\u00e1g 100 legjobb gimn\u00e1ziuma k\u00f6z\u00fcl a 72. helyen \u00e1ll. (B\u0151vebb inform\u00e1ci\u00f3 lent a \u201eHVG rangsor\u2026\u201d r\u00e9szre kattintva [&hellip;]<\/p>\n","protected":false},"author":22,"featured_media":0,"parent":0,"menu_order":0,"comment_status":"closed","ping_status":"closed","template":"","meta":{"footnotes":""},"class_list":["post-24338","page","type-page","status-publish","hentry"],"yoast_head":"<!-- This site is optimized with the Yoast SEO plugin v20.9 - https:\/\/yoast.com\/wordpress\/plugins\/seo\/ -->\n<title>Ny\u00edlt nap, ny\u00edlt \u00f3r\u00e1k a k\u00f6z\u00e9piskol\u00e1ban - MN\u00c1MK-UBZ<\/title>\n<meta name=\"robots\" content=\"index, follow, max-snippet:-1, max-image-preview:large, max-video-preview:-1\" \/>\n<link rel=\"canonical\" href=\"https:\/\/mnamk.hu\/index-old.php\/nyilt-nap\/\" \/>\n<meta property=\"og:locale\" content=\"hu_HU\" \/>\n<meta property=\"og:type\" content=\"article\" \/>\n<meta property=\"og:title\" content=\"Ny\u00edlt nap, ny\u00edlt \u00f3r\u00e1k a k\u00f6z\u00e9piskol\u00e1ban - MN\u00c1MK-UBZ\" \/>\n<meta property=\"og:description\" content=\"2024. november 30-\u00e1n \/szombat\/ d\u00e9lel\u0151tt ny\u00edlt nap az MN\u00c1MK Gimn\u00e1zium\u00e1ban \u00e9s Technikum\u00e1ban. Ismerj\u00e9k meg az MN\u00c1MK Gimn\u00e1zium\u00e1t, amely a HVG k\u00f6z\u00e9piskolai rangsor\u00e1ban t\u00f6rt\u00e9nelemtant\u00e1rgyb\u00f3l orsz\u00e1gos 1. helyen \u00e1ll. Az alap\u00edtv\u00e1nyi iskol\u00e1k k\u00f6z\u00fcl int\u00e9zm\u00e9ny\u00fcnk a 2. helyet szerezte meg, \u00e9s Magyarorsz\u00e1g 100 legjobb gimn\u00e1ziuma k\u00f6z\u00fcl a 72. helyen \u00e1ll. (B\u0151vebb inform\u00e1ci\u00f3 lent a \u201eHVG rangsor\u2026\u201d r\u00e9szre kattintva [&hellip;]\" \/>\n<meta property=\"og:url\" content=\"https:\/\/mnamk.hu\/index-old.php\/nyilt-nap\/\" \/>\n<meta property=\"og:site_name\" content=\"MN\u00c1MK-UBZ\" \/>\n<meta property=\"article:modified_time\" content=\"2024-11-28T11:50:45+00:00\" \/>\n<meta property=\"og:image\" content=\"https:\/\/mnamk.hu\/wp\/wp-content\/uploads\/2024\/11\/nyiltnap_plakat_programos-1-1.jpg\" \/>\n<meta name=\"twitter:card\" content=\"summary_large_image\" \/>\n<meta name=\"twitter:label1\" content=\"Becs\u00fclt olvas\u00e1si id\u0151\" \/>\n\t<meta name=\"twitter:data1\" content=\"2 perc\" \/>\n<script type=\"application\/ld+json\" class=\"yoast-schema-graph\">{\"@context\":\"https:\/\/schema.org\",\"@graph\":[{\"@type\":\"WebPage\",\"@id\":\"https:\/\/mnamk.hu\/index-old.php\/nyilt-nap\/\",\"url\":\"https:\/\/mnamk.hu\/index-old.php\/nyilt-nap\/\",\"name\":\"Ny\u00edlt nap, ny\u00edlt \u00f3r\u00e1k a k\u00f6z\u00e9piskol\u00e1ban - MN\u00c1MK-UBZ\",\"isPartOf\":{\"@id\":\"https:\/\/mnamk.hu\/index-old.php\/#website\"},\"datePublished\":\"2020-10-12T19:43:53+00:00\",\"dateModified\":\"2024-11-28T11:50:45+00:00\",\"breadcrumb\":{\"@id\":\"https:\/\/mnamk.hu\/index-old.php\/nyilt-nap\/#breadcrumb\"},\"inLanguage\":\"hu\",\"potentialAction\":[{\"@type\":\"ReadAction\",\"target\":[\"https:\/\/mnamk.hu\/index-old.php\/nyilt-nap\/\"]}]},{\"@type\":\"BreadcrumbList\",\"@id\":\"https:\/\/mnamk.hu\/index-old.php\/nyilt-nap\/#breadcrumb\",\"itemListElement\":[{\"@type\":\"ListItem\",\"position\":1,\"name\":\"Startseite\",\"item\":\"https:\/\/mnamk.hu\/\"},{\"@type\":\"ListItem\",\"position\":2,\"name\":\"Ny\u00edlt nap, ny\u00edlt \u00f3r\u00e1k a k\u00f6z\u00e9piskol\u00e1ban\"}]},{\"@type\":\"WebSite\",\"@id\":\"https:\/\/mnamk.hu\/index-old.php\/#website\",\"url\":\"https:\/\/mnamk.hu\/index-old.php\/\",\"name\":\"MN\u00c1MK-UBZ\",\"description\":\"\",\"publisher\":{\"@id\":\"https:\/\/mnamk.hu\/index-old.php\/#organization\"},\"potentialAction\":[{\"@type\":\"SearchAction\",\"target\":{\"@type\":\"EntryPoint\",\"urlTemplate\":\"https:\/\/mnamk.hu\/index-old.php\/?s={search_term_string}\"},\"query-input\":\"required name=search_term_string\"}],\"inLanguage\":\"hu\"},{\"@type\":\"Organization\",\"@id\":\"https:\/\/mnamk.hu\/index-old.php\/#organization\",\"name\":\"MNAMK\",\"url\":\"https:\/\/mnamk.hu\/index-old.php\/\",\"logo\":{\"@type\":\"ImageObject\",\"inLanguage\":\"hu\",\"@id\":\"https:\/\/mnamk.hu\/index-old.php\/#\/schema\/logo\/image\/\",\"url\":\"https:\/\/mnamk.hu\/wp\/wp-content\/uploads\/2020\/08\/logo.jpg\",\"contentUrl\":\"https:\/\/mnamk.hu\/wp\/wp-content\/uploads\/2020\/08\/logo.jpg\",\"width\":482,\"height\":276,\"caption\":\"MNAMK\"},\"image\":{\"@id\":\"https:\/\/mnamk.hu\/index-old.php\/#\/schema\/logo\/image\/\"}}]}<\/script>\n<!-- \/ Yoast SEO plugin. -->","yoast_head_json":{"title":"Ny\u00edlt nap, ny\u00edlt \u00f3r\u00e1k a k\u00f6z\u00e9piskol\u00e1ban - MN\u00c1MK-UBZ","robots":{"index":"index","follow":"follow","max-snippet":"max-snippet:-1","max-image-preview":"max-image-preview:large","max-video-preview":"max-video-preview:-1"},"canonical":"https:\/\/mnamk.hu\/index-old.php\/nyilt-nap\/","og_locale":"hu_HU","og_type":"article","og_title":"Ny\u00edlt nap, ny\u00edlt \u00f3r\u00e1k a k\u00f6z\u00e9piskol\u00e1ban - MN\u00c1MK-UBZ","og_description":"2024. november 30-\u00e1n \/szombat\/ d\u00e9lel\u0151tt ny\u00edlt nap az MN\u00c1MK Gimn\u00e1zium\u00e1ban \u00e9s Technikum\u00e1ban. Ismerj\u00e9k meg az MN\u00c1MK Gimn\u00e1zium\u00e1t, amely a HVG k\u00f6z\u00e9piskolai rangsor\u00e1ban t\u00f6rt\u00e9nelemtant\u00e1rgyb\u00f3l orsz\u00e1gos 1. helyen \u00e1ll. Az alap\u00edtv\u00e1nyi iskol\u00e1k k\u00f6z\u00fcl int\u00e9zm\u00e9ny\u00fcnk a 2. helyet szerezte meg, \u00e9s Magyarorsz\u00e1g 100 legjobb gimn\u00e1ziuma k\u00f6z\u00fcl a 72. helyen \u00e1ll. (B\u0151vebb inform\u00e1ci\u00f3 lent a \u201eHVG rangsor\u2026\u201d r\u00e9szre kattintva [&hellip;]","og_url":"https:\/\/mnamk.hu\/index-old.php\/nyilt-nap\/","og_site_name":"MN\u00c1MK-UBZ","article_modified_time":"2024-11-28T11:50:45+00:00","og_image":[{"url":"https:\/\/mnamk.hu\/wp\/wp-content\/uploads\/2024\/11\/nyiltnap_plakat_programos-1-1.jpg"}],"twitter_card":"summary_large_image","twitter_misc":{"Becs\u00fclt olvas\u00e1si id\u0151":"2 perc"},"schema":{"@context":"https:\/\/schema.org","@graph":[{"@type":"WebPage","@id":"https:\/\/mnamk.hu\/index-old.php\/nyilt-nap\/","url":"https:\/\/mnamk.hu\/index-old.php\/nyilt-nap\/","name":"Ny\u00edlt nap, ny\u00edlt \u00f3r\u00e1k a k\u00f6z\u00e9piskol\u00e1ban - MN\u00c1MK-UBZ","isPartOf":{"@id":"https:\/\/mnamk.hu\/index-old.php\/#website"},"datePublished":"2020-10-12T19:43:53+00:00","dateModified":"2024-11-28T11:50:45+00:00","breadcrumb":{"@id":"https:\/\/mnamk.hu\/index-old.php\/nyilt-nap\/#breadcrumb"},"inLanguage":"hu","potentialAction":[{"@type":"ReadAction","target":["https:\/\/mnamk.hu\/index-old.php\/nyilt-nap\/"]}]},{"@type":"BreadcrumbList","@id":"https:\/\/mnamk.hu\/index-old.php\/nyilt-nap\/#breadcrumb","itemListElement":[{"@type":"ListItem","position":1,"name":"Startseite","item":"https:\/\/mnamk.hu\/"},{"@type":"ListItem","position":2,"name":"Ny\u00edlt nap, ny\u00edlt \u00f3r\u00e1k a k\u00f6z\u00e9piskol\u00e1ban"}]},{"@type":"WebSite","@id":"https:\/\/mnamk.hu\/index-old.php\/#website","url":"https:\/\/mnamk.hu\/index-old.php\/","name":"MN\u00c1MK-UBZ","description":"","publisher":{"@id":"https:\/\/mnamk.hu\/index-old.php\/#organization"},"potentialAction":[{"@type":"SearchAction","target":{"@type":"EntryPoint","urlTemplate":"https:\/\/mnamk.hu\/index-old.php\/?s={search_term_string}"},"query-input":"required name=search_term_string"}],"inLanguage":"hu"},{"@type":"Organization","@id":"https:\/\/mnamk.hu\/index-old.php\/#organization","name":"MNAMK","url":"https:\/\/mnamk.hu\/index-old.php\/","logo":{"@type":"ImageObject","inLanguage":"hu","@id":"https:\/\/mnamk.hu\/index-old.php\/#\/schema\/logo\/image\/","url":"https:\/\/mnamk.hu\/wp\/wp-content\/uploads\/2020\/08\/logo.jpg","contentUrl":"https:\/\/mnamk.hu\/wp\/wp-content\/uploads\/2020\/08\/logo.jpg","width":482,"height":276,"caption":"MNAMK"},"image":{"@id":"https:\/\/mnamk.hu\/index-old.php\/#\/schema\/logo\/image\/"}}]}},"_links":{"self":[{"href":"https:\/\/mnamk.hu\/index-old.php\/wp-json\/wp\/v2\/pages\/24338","targetHints":{"allow":["GET"]}}],"collection":[{"href":"https:\/\/mnamk.hu\/index-old.php\/wp-json\/wp\/v2\/pages"}],"about":[{"href":"https:\/\/mnamk.hu\/index-old.php\/wp-json\/wp\/v2\/types\/page"}],"author":[{"embeddable":true,"href":"https:\/\/mnamk.hu\/index-old.php\/wp-json\/wp\/v2\/users\/22"}],"replies":[{"embeddable":true,"href":"https:\/\/mnamk.hu\/index-old.php\/wp-json\/wp\/v2\/comments?post=24338"}],"version-history":[{"count":5,"href":"https:\/\/mnamk.hu\/index-old.php\/wp-json\/wp\/v2\/pages\/24338\/revisions"}],"predecessor-version":[{"id":56638,"href":"https:\/\/mnamk.hu\/index-old.php\/wp-json\/wp\/v2\/pages\/24338\/revisions\/56638"}],"wp:attachment":[{"href":"https:\/\/mnamk.hu\/index-old.php\/wp-json\/wp\/v2\/media?parent=24338"}],"curies":[{"name":"wp","href":"https:\/\/api.w.org\/{rel}","templated":true}]}}