{"id":27063,"date":"2021-01-17T14:56:16","date_gmt":"2021-01-17T14:56:16","guid":{"rendered":"https:\/\/mnamk.hu\/wp\/?page_id=27063"},"modified":"2023-12-02T12:15:46","modified_gmt":"2023-12-02T11:15:46","slug":"nyilt-napok","status":"publish","type":"page","link":"https:\/\/mnamk.hu\/index-old.php\/altalanos-iskola-2\/nyilt-napok\/","title":{"rendered":"Beiratkoz\u00e1s"},"content":{"rendered":"\n<p>Tisztelt Sz\u00fcl\u0151k!<\/p>\n\n\n\n<p>Amennyiben az MN\u00c1MK \u00c1ltal\u00e1nos Iskol\u00e1j\u00e1ba szeretn\u00e9k be\u00edratni gyermek\u00fcket, k\u00e9rj\u00fck, hogy az al\u00e1bbi el\u00e9rhet\u0151s\u00e9geken \u00e9rdekl\u0151djenek:<\/p>\n\n\n\n<p><strong><u>Als\u00f3 tagozat:<\/u><\/strong><\/p>\n\n\n\n<p><strong>Bodrogi Orsolya iskolatitk\u00e1r<\/strong><\/p>\n\n\n\n<p>Telefon: 06-79\/520-937<\/p>\n\n\n\n<p><em>E-mail: <a href=\"mailto:altisk@mnamk.hu\">altisk@mnamk.hu<\/a> <\/em><\/p>\n\n\n\n<div class=\"wp-block-buttons is-layout-flex wp-block-buttons-is-layout-flex\">\n<div class=\"wp-block-button has-custom-font-size is-style-fill has-small-font-size\"><a class=\"wp-block-button__link has-white-color has-text-color has-background wp-element-button\" href=\"https:\/\/mnamk.hu\/gyakran-ismetelt-kerdesek-gyik-altalanos-iskola\/\" style=\"background:linear-gradient(135deg,rgb(0,150,90) 0%,rgb(0,63,39) 100%)\">Gyakran ism\u00e9telt k\u00e9rd\u00e9sek \/ GYIK<\/a><\/div>\n<\/div>\n\n\n\n<h2 class=\"wp-block-heading\">Jelentkez\u00e9si lap az 1. oszt\u00e1lyba<\/h2>\n\n\n\n<div data-wp-interactive=\"core\/file\" class=\"wp-block-file\"><object data-wp-bind--hidden=\"!state.hasPdfPreview\" hidden class=\"wp-block-file__embed\" data=\"https:\/\/mnamk.hu\/wp\/wp-content\/uploads\/2023\/12\/UBZ-Anmeldeformular-1.-Klasse-HU.pdf\" type=\"application\/pdf\" style=\"width:100%;height:600px\" aria-label=\"UBZ - Anmeldeformular 1. Klasse - HU be\u00e1gyaz\u00e1sa\"><\/object><a id=\"wp-block-file--media-933f7198-751b-40a2-b6f7-335fbb08e28c\" href=\"https:\/\/mnamk.hu\/wp\/wp-content\/uploads\/2023\/12\/UBZ-Anmeldeformular-1.-Klasse-HU.pdf\">UBZ &#8211; Anmeldeformular 1. Klasse &#8211; HU<\/a><a href=\"https:\/\/mnamk.hu\/wp\/wp-content\/uploads\/2023\/12\/UBZ-Anmeldeformular-1.-Klasse-HU.pdf\" class=\"wp-block-file__button wp-element-button\" download aria-describedby=\"wp-block-file--media-933f7198-751b-40a2-b6f7-335fbb08e28c\">Let\u00f6lt\u00e9s<\/a><\/div>\n\n\n\n<h2 class=\"wp-block-heading\">Jelentkez\u00e9si lap a 2-4. oszt\u00e1lyokba<\/h2>\n\n\n\n<div data-wp-interactive=\"core\/file\" class=\"wp-block-file\"><object data-wp-bind--hidden=\"!state.hasPdfPreview\" hidden class=\"wp-block-file__embed\" data=\"https:\/\/mnamk.hu\/wp\/wp-content\/uploads\/2023\/12\/UBZ-Jelentkezesi-lap-2-4.-evfolyam-HU.pdf\" type=\"application\/pdf\" style=\"width:100%;height:600px\" aria-label=\"UBZ-Jelentkezesi-lap-2-4.-evfolyam-HU be\u00e1gyaz\u00e1sa\"><\/object><a id=\"wp-block-file--media-70b60c46-f8e9-4293-8557-94407350e072\" href=\"https:\/\/mnamk.hu\/wp\/wp-content\/uploads\/2023\/12\/UBZ-Jelentkezesi-lap-2-4.-evfolyam-HU.pdf\">UBZ-Jelentkezesi-lap-2-4.-evfolyam-HU<\/a><a href=\"https:\/\/mnamk.hu\/wp\/wp-content\/uploads\/2023\/12\/UBZ-Jelentkezesi-lap-2-4.-evfolyam-HU.pdf\" class=\"wp-block-file__button wp-element-button\" download aria-describedby=\"wp-block-file--media-70b60c46-f8e9-4293-8557-94407350e072\">Let\u00f6lt\u00e9s<\/a><\/div>\n","protected":false},"excerpt":{"rendered":"<p>Tisztelt Sz\u00fcl\u0151k! Amennyiben az MN\u00c1MK \u00c1ltal\u00e1nos Iskol\u00e1j\u00e1ba szeretn\u00e9k be\u00edratni gyermek\u00fcket, k\u00e9rj\u00fck, hogy az al\u00e1bbi el\u00e9rhet\u0151s\u00e9geken \u00e9rdekl\u0151djenek: Als\u00f3 tagozat: Bodrogi Orsolya iskolatitk\u00e1r Telefon: 06-79\/520-937 E-mail: altisk@mnamk.hu Jelentkez\u00e9si lap az 1. oszt\u00e1lyba Jelentkez\u00e9si lap a 2-4. oszt\u00e1lyokba<\/p>\n","protected":false},"author":22,"featured_media":0,"parent":26940,"menu_order":0,"comment_status":"closed","ping_status":"closed","template":"","meta":{"footnotes":""},"class_list":["post-27063","page","type-page","status-publish","hentry"],"yoast_head":"<!-- This site is optimized with the Yoast SEO plugin v20.9 - https:\/\/yoast.com\/wordpress\/plugins\/seo\/ -->\n<title>Beiratkoz\u00e1s - MN\u00c1MK-UBZ<\/title>\n<meta name=\"robots\" content=\"index, follow, max-snippet:-1, max-image-preview:large, max-video-preview:-1\" \/>\n<link rel=\"canonical\" href=\"https:\/\/mnamk.hu\/index-old.php\/altalanos-iskola-2\/nyilt-napok\/\" \/>\n<meta property=\"og:locale\" content=\"hu_HU\" \/>\n<meta property=\"og:type\" content=\"article\" \/>\n<meta property=\"og:title\" content=\"Beiratkoz\u00e1s - MN\u00c1MK-UBZ\" \/>\n<meta property=\"og:description\" content=\"Tisztelt Sz\u00fcl\u0151k! Amennyiben az MN\u00c1MK \u00c1ltal\u00e1nos Iskol\u00e1j\u00e1ba szeretn\u00e9k be\u00edratni gyermek\u00fcket, k\u00e9rj\u00fck, hogy az al\u00e1bbi el\u00e9rhet\u0151s\u00e9geken \u00e9rdekl\u0151djenek: Als\u00f3 tagozat: Bodrogi Orsolya iskolatitk\u00e1r Telefon: 06-79\/520-937 E-mail: altisk@mnamk.hu Jelentkez\u00e9si lap az 1. oszt\u00e1lyba Jelentkez\u00e9si lap a 2-4. oszt\u00e1lyokba\" \/>\n<meta property=\"og:url\" content=\"https:\/\/mnamk.hu\/index-old.php\/altalanos-iskola-2\/nyilt-napok\/\" \/>\n<meta property=\"og:site_name\" content=\"MN\u00c1MK-UBZ\" \/>\n<meta property=\"article:modified_time\" content=\"2023-12-02T11:15:46+00:00\" \/>\n<meta name=\"twitter:card\" content=\"summary_large_image\" \/>\n<meta name=\"twitter:label1\" content=\"Becs\u00fclt olvas\u00e1si id\u0151\" \/>\n\t<meta name=\"twitter:data1\" content=\"1 perc\" \/>\n<script type=\"application\/ld+json\" class=\"yoast-schema-graph\">{\"@context\":\"https:\/\/schema.org\",\"@graph\":[{\"@type\":\"WebPage\",\"@id\":\"https:\/\/mnamk.hu\/index-old.php\/altalanos-iskola-2\/nyilt-napok\/\",\"url\":\"https:\/\/mnamk.hu\/index-old.php\/altalanos-iskola-2\/nyilt-napok\/\",\"name\":\"Beiratkoz\u00e1s - MN\u00c1MK-UBZ\",\"isPartOf\":{\"@id\":\"https:\/\/mnamk.hu\/index-old.php\/#website\"},\"datePublished\":\"2021-01-17T14:56:16+00:00\",\"dateModified\":\"2023-12-02T11:15:46+00:00\",\"breadcrumb\":{\"@id\":\"https:\/\/mnamk.hu\/index-old.php\/altalanos-iskola-2\/nyilt-napok\/#breadcrumb\"},\"inLanguage\":\"hu\",\"potentialAction\":[{\"@type\":\"ReadAction\",\"target\":[\"https:\/\/mnamk.hu\/index-old.php\/altalanos-iskola-2\/nyilt-napok\/\"]}]},{\"@type\":\"BreadcrumbList\",\"@id\":\"https:\/\/mnamk.hu\/index-old.php\/altalanos-iskola-2\/nyilt-napok\/#breadcrumb\",\"itemListElement\":[{\"@type\":\"ListItem\",\"position\":1,\"name\":\"Startseite\",\"item\":\"https:\/\/mnamk.hu\/\"},{\"@type\":\"ListItem\",\"position\":2,\"name\":\"\u00c1ltal\u00e1nos Iskola\",\"item\":\"https:\/\/mnamk.hu\/index-old.php\/altalanos-iskola-2\/\"},{\"@type\":\"ListItem\",\"position\":3,\"name\":\"Beiratkoz\u00e1s\"}]},{\"@type\":\"WebSite\",\"@id\":\"https:\/\/mnamk.hu\/index-old.php\/#website\",\"url\":\"https:\/\/mnamk.hu\/index-old.php\/\",\"name\":\"MN\u00c1MK-UBZ\",\"description\":\"\",\"publisher\":{\"@id\":\"https:\/\/mnamk.hu\/index-old.php\/#organization\"},\"potentialAction\":[{\"@type\":\"SearchAction\",\"target\":{\"@type\":\"EntryPoint\",\"urlTemplate\":\"https:\/\/mnamk.hu\/index-old.php\/?s={search_term_string}\"},\"query-input\":\"required name=search_term_string\"}],\"inLanguage\":\"hu\"},{\"@type\":\"Organization\",\"@id\":\"https:\/\/mnamk.hu\/index-old.php\/#organization\",\"name\":\"MNAMK\",\"url\":\"https:\/\/mnamk.hu\/index-old.php\/\",\"logo\":{\"@type\":\"ImageObject\",\"inLanguage\":\"hu\",\"@id\":\"https:\/\/mnamk.hu\/index-old.php\/#\/schema\/logo\/image\/\",\"url\":\"https:\/\/mnamk.hu\/wp\/wp-content\/uploads\/2020\/08\/logo.jpg\",\"contentUrl\":\"https:\/\/mnamk.hu\/wp\/wp-content\/uploads\/2020\/08\/logo.jpg\",\"width\":482,\"height\":276,\"caption\":\"MNAMK\"},\"image\":{\"@id\":\"https:\/\/mnamk.hu\/index-old.php\/#\/schema\/logo\/image\/\"}}]}<\/script>\n<!-- \/ Yoast SEO plugin. -->","yoast_head_json":{"title":"Beiratkoz\u00e1s - MN\u00c1MK-UBZ","robots":{"index":"index","follow":"follow","max-snippet":"max-snippet:-1","max-image-preview":"max-image-preview:large","max-video-preview":"max-video-preview:-1"},"canonical":"https:\/\/mnamk.hu\/index-old.php\/altalanos-iskola-2\/nyilt-napok\/","og_locale":"hu_HU","og_type":"article","og_title":"Beiratkoz\u00e1s - MN\u00c1MK-UBZ","og_description":"Tisztelt Sz\u00fcl\u0151k! Amennyiben az MN\u00c1MK \u00c1ltal\u00e1nos Iskol\u00e1j\u00e1ba szeretn\u00e9k be\u00edratni gyermek\u00fcket, k\u00e9rj\u00fck, hogy az al\u00e1bbi el\u00e9rhet\u0151s\u00e9geken \u00e9rdekl\u0151djenek: Als\u00f3 tagozat: Bodrogi Orsolya iskolatitk\u00e1r Telefon: 06-79\/520-937 E-mail: altisk@mnamk.hu Jelentkez\u00e9si lap az 1. oszt\u00e1lyba Jelentkez\u00e9si lap a 2-4. oszt\u00e1lyokba","og_url":"https:\/\/mnamk.hu\/index-old.php\/altalanos-iskola-2\/nyilt-napok\/","og_site_name":"MN\u00c1MK-UBZ","article_modified_time":"2023-12-02T11:15:46+00:00","twitter_card":"summary_large_image","twitter_misc":{"Becs\u00fclt olvas\u00e1si id\u0151":"1 perc"},"schema":{"@context":"https:\/\/schema.org","@graph":[{"@type":"WebPage","@id":"https:\/\/mnamk.hu\/index-old.php\/altalanos-iskola-2\/nyilt-napok\/","url":"https:\/\/mnamk.hu\/index-old.php\/altalanos-iskola-2\/nyilt-napok\/","name":"Beiratkoz\u00e1s - MN\u00c1MK-UBZ","isPartOf":{"@id":"https:\/\/mnamk.hu\/index-old.php\/#website"},"datePublished":"2021-01-17T14:56:16+00:00","dateModified":"2023-12-02T11:15:46+00:00","breadcrumb":{"@id":"https:\/\/mnamk.hu\/index-old.php\/altalanos-iskola-2\/nyilt-napok\/#breadcrumb"},"inLanguage":"hu","potentialAction":[{"@type":"ReadAction","target":["https:\/\/mnamk.hu\/index-old.php\/altalanos-iskola-2\/nyilt-napok\/"]}]},{"@type":"BreadcrumbList","@id":"https:\/\/mnamk.hu\/index-old.php\/altalanos-iskola-2\/nyilt-napok\/#breadcrumb","itemListElement":[{"@type":"ListItem","position":1,"name":"Startseite","item":"https:\/\/mnamk.hu\/"},{"@type":"ListItem","position":2,"name":"\u00c1ltal\u00e1nos Iskola","item":"https:\/\/mnamk.hu\/index-old.php\/altalanos-iskola-2\/"},{"@type":"ListItem","position":3,"name":"Beiratkoz\u00e1s"}]},{"@type":"WebSite","@id":"https:\/\/mnamk.hu\/index-old.php\/#website","url":"https:\/\/mnamk.hu\/index-old.php\/","name":"MN\u00c1MK-UBZ","description":"","publisher":{"@id":"https:\/\/mnamk.hu\/index-old.php\/#organization"},"potentialAction":[{"@type":"SearchAction","target":{"@type":"EntryPoint","urlTemplate":"https:\/\/mnamk.hu\/index-old.php\/?s={search_term_string}"},"query-input":"required name=search_term_string"}],"inLanguage":"hu"},{"@type":"Organization","@id":"https:\/\/mnamk.hu\/index-old.php\/#organization","name":"MNAMK","url":"https:\/\/mnamk.hu\/index-old.php\/","logo":{"@type":"ImageObject","inLanguage":"hu","@id":"https:\/\/mnamk.hu\/index-old.php\/#\/schema\/logo\/image\/","url":"https:\/\/mnamk.hu\/wp\/wp-content\/uploads\/2020\/08\/logo.jpg","contentUrl":"https:\/\/mnamk.hu\/wp\/wp-content\/uploads\/2020\/08\/logo.jpg","width":482,"height":276,"caption":"MNAMK"},"image":{"@id":"https:\/\/mnamk.hu\/index-old.php\/#\/schema\/logo\/image\/"}}]}},"_links":{"self":[{"href":"https:\/\/mnamk.hu\/index-old.php\/wp-json\/wp\/v2\/pages\/27063","targetHints":{"allow":["GET"]}}],"collection":[{"href":"https:\/\/mnamk.hu\/index-old.php\/wp-json\/wp\/v2\/pages"}],"about":[{"href":"https:\/\/mnamk.hu\/index-old.php\/wp-json\/wp\/v2\/types\/page"}],"author":[{"embeddable":true,"href":"https:\/\/mnamk.hu\/index-old.php\/wp-json\/wp\/v2\/users\/22"}],"replies":[{"embeddable":true,"href":"https:\/\/mnamk.hu\/index-old.php\/wp-json\/wp\/v2\/comments?post=27063"}],"version-history":[{"count":5,"href":"https:\/\/mnamk.hu\/index-old.php\/wp-json\/wp\/v2\/pages\/27063\/revisions"}],"predecessor-version":[{"id":52550,"href":"https:\/\/mnamk.hu\/index-old.php\/wp-json\/wp\/v2\/pages\/27063\/revisions\/52550"}],"up":[{"embeddable":true,"href":"https:\/\/mnamk.hu\/index-old.php\/wp-json\/wp\/v2\/pages\/26940"}],"wp:attachment":[{"href":"https:\/\/mnamk.hu\/index-old.php\/wp-json\/wp\/v2\/media?parent=27063"}],"curies":[{"name":"wp","href":"https:\/\/api.w.org\/{rel}","templated":true}]}}