{"id":27197,"date":"2021-01-18T14:56:10","date_gmt":"2021-01-18T14:56:10","guid":{"rendered":"https:\/\/mnamk.hu\/wp\/?page_id=27197"},"modified":"2022-04-06T09:52:43","modified_gmt":"2022-04-06T09:52:43","slug":"vorstellung-unseres-programms","status":"publish","type":"page","link":"https:\/\/mnamk.hu\/index-old.php\/de\/vorstellung-unseres-programms\/","title":{"rendered":"Vorstellung unseres Programms"},"content":{"rendered":"\n<p>Ein kleiner Vorgeschmack auf das Programm ?Unterwegs zur Schule?:<\/p>\n\n\n\n<p>Die Gemeinschaft der Kindergartenp\u00e4dagoginnen und der Grundschullehrerinnen unserer Institution haben die weiteren M\u00f6glichkeiten des \u00dcbergangs von Kindergarten zu Schule \u00fcberdacht und haben ein einzigartiges Projekt ins Leben gerufen, das zum Charakter unserer Einrichtung passt.<\/p>\n\n\n\n<p>F\u00fcr uns bedeutet der \u00dcbergang auch Kontinuit\u00e4t, diese Entwicklungsphase der Kindheit betrachten wir als eine Einheit.<\/p>\n\n\n\n<p>Das Neue am Programm ist, dass die zweisprachigen Besch\u00e4ftigungen gemeinsam von einer Kinderg\u00e4rtnerin und einer Lehrerin abgehalten werden.<\/p>\n\n\n\n<p>An den Stationen in verschiedenen Aufgaben werden die verschiedenen F\u00e4higkeiten spielerisch gef\u00f6rdert, die f\u00fcr eine erfolgreiche Schullaufbahn notwendig sind.<\/p>\n\n\n\n<p>Um zur Schule Lust zu machen, haben wir &#8211; sowohl f\u00fcr unsere KiGa-Kinder als auch f\u00fcr interessierte Kinder, die andere Kinderg\u00e4rten besuchen &#8211; spielerische Aufgaben auf unsere Webseite hochgeladen.<\/p>\n\n\n\n<p>Erika Brautigam &#8211; Fekete<\/p>\n\n\n\n<p>Leiterin des Kindergartens<\/p>\n\n\n\n<p>Kl\u00e1ra Szauter &#8211; L\u00e9vai<\/p>\n\n\n\n<p>stellvertretende Leiterin der Grundschule&nbsp;<\/p>\n\n\n\n<p><\/p>\n\n\n\n<p><\/p>\n\n\n\n<p><\/p>\n\n\n\n<p><\/p>\n\n\n\n<p><\/p>\n\n\n\n<p><\/p>\n\n\n\n<p><\/p>\n\n\n\n<p><\/p>\n\n\n\n<p><\/p>\n\n\n\n<p><\/p>\n","protected":false},"excerpt":{"rendered":"<p>Ein kleiner Vorgeschmack auf das Programm ?Unterwegs zur Schule?: Die Gemeinschaft der Kindergartenp\u00e4dagoginnen und der Grundschullehrerinnen unserer Institution haben die weiteren M\u00f6glichkeiten des \u00dcbergangs von Kindergarten zu Schule \u00fcberdacht und haben ein einzigartiges Projekt ins Leben gerufen, das zum Charakter unserer Einrichtung passt. F\u00fcr uns bedeutet der \u00dcbergang auch Kontinuit\u00e4t, diese Entwicklungsphase der Kindheit betrachten [&hellip;]<\/p>\n","protected":false},"author":22,"featured_media":0,"parent":0,"menu_order":0,"comment_status":"closed","ping_status":"closed","template":"","meta":{"footnotes":""},"class_list":["post-27197","page","type-page","status-publish","hentry"],"yoast_head":"<!-- This site is optimized with the Yoast SEO plugin v20.9 - https:\/\/yoast.com\/wordpress\/plugins\/seo\/ -->\n<title>Vorstellung unseres Programms - MN\u00c1MK-UBZ<\/title>\n<meta name=\"robots\" content=\"index, follow, max-snippet:-1, max-image-preview:large, max-video-preview:-1\" \/>\n<link rel=\"canonical\" href=\"https:\/\/mnamk.hu\/index-old.php\/de\/vorstellung-unseres-programms\/\" \/>\n<meta property=\"og:locale\" content=\"hu_HU\" \/>\n<meta property=\"og:type\" content=\"article\" \/>\n<meta property=\"og:title\" content=\"Vorstellung unseres Programms - MN\u00c1MK-UBZ\" \/>\n<meta property=\"og:description\" content=\"Ein kleiner Vorgeschmack auf das Programm ?Unterwegs zur Schule?: Die Gemeinschaft der Kindergartenp\u00e4dagoginnen und der Grundschullehrerinnen unserer Institution haben die weiteren M\u00f6glichkeiten des \u00dcbergangs von Kindergarten zu Schule \u00fcberdacht und haben ein einzigartiges Projekt ins Leben gerufen, das zum Charakter unserer Einrichtung passt. F\u00fcr uns bedeutet der \u00dcbergang auch Kontinuit\u00e4t, diese Entwicklungsphase der Kindheit betrachten [&hellip;]\" \/>\n<meta property=\"og:url\" content=\"https:\/\/mnamk.hu\/index-old.php\/de\/vorstellung-unseres-programms\/\" \/>\n<meta property=\"og:site_name\" content=\"MN\u00c1MK-UBZ\" \/>\n<meta property=\"article:modified_time\" content=\"2022-04-06T09:52:43+00:00\" \/>\n<meta name=\"twitter:card\" content=\"summary_large_image\" \/>\n<meta name=\"twitter:label1\" content=\"Becs\u00fclt olvas\u00e1si id\u0151\" \/>\n\t<meta name=\"twitter:data1\" content=\"1 perc\" \/>\n<script type=\"application\/ld+json\" class=\"yoast-schema-graph\">{\"@context\":\"https:\/\/schema.org\",\"@graph\":[{\"@type\":\"WebPage\",\"@id\":\"https:\/\/mnamk.hu\/index-old.php\/de\/vorstellung-unseres-programms\/\",\"url\":\"https:\/\/mnamk.hu\/index-old.php\/de\/vorstellung-unseres-programms\/\",\"name\":\"Vorstellung unseres Programms - MN\u00c1MK-UBZ\",\"isPartOf\":{\"@id\":\"https:\/\/mnamk.hu\/index-old.php\/#website\"},\"datePublished\":\"2021-01-18T14:56:10+00:00\",\"dateModified\":\"2022-04-06T09:52:43+00:00\",\"breadcrumb\":{\"@id\":\"https:\/\/mnamk.hu\/index-old.php\/de\/vorstellung-unseres-programms\/#breadcrumb\"},\"inLanguage\":\"hu\",\"potentialAction\":[{\"@type\":\"ReadAction\",\"target\":[\"https:\/\/mnamk.hu\/index-old.php\/de\/vorstellung-unseres-programms\/\"]}]},{\"@type\":\"BreadcrumbList\",\"@id\":\"https:\/\/mnamk.hu\/index-old.php\/de\/vorstellung-unseres-programms\/#breadcrumb\",\"itemListElement\":[{\"@type\":\"ListItem\",\"position\":1,\"name\":\"Startseite\",\"item\":\"https:\/\/mnamk.hu\/\"},{\"@type\":\"ListItem\",\"position\":2,\"name\":\"Vorstellung unseres Programms\"}]},{\"@type\":\"WebSite\",\"@id\":\"https:\/\/mnamk.hu\/index-old.php\/#website\",\"url\":\"https:\/\/mnamk.hu\/index-old.php\/\",\"name\":\"MN\u00c1MK-UBZ\",\"description\":\"\",\"publisher\":{\"@id\":\"https:\/\/mnamk.hu\/index-old.php\/#organization\"},\"potentialAction\":[{\"@type\":\"SearchAction\",\"target\":{\"@type\":\"EntryPoint\",\"urlTemplate\":\"https:\/\/mnamk.hu\/index-old.php\/?s={search_term_string}\"},\"query-input\":\"required name=search_term_string\"}],\"inLanguage\":\"hu\"},{\"@type\":\"Organization\",\"@id\":\"https:\/\/mnamk.hu\/index-old.php\/#organization\",\"name\":\"MNAMK\",\"url\":\"https:\/\/mnamk.hu\/index-old.php\/\",\"logo\":{\"@type\":\"ImageObject\",\"inLanguage\":\"hu\",\"@id\":\"https:\/\/mnamk.hu\/index-old.php\/#\/schema\/logo\/image\/\",\"url\":\"https:\/\/mnamk.hu\/wp\/wp-content\/uploads\/2020\/08\/logo.jpg\",\"contentUrl\":\"https:\/\/mnamk.hu\/wp\/wp-content\/uploads\/2020\/08\/logo.jpg\",\"width\":482,\"height\":276,\"caption\":\"MNAMK\"},\"image\":{\"@id\":\"https:\/\/mnamk.hu\/index-old.php\/#\/schema\/logo\/image\/\"}}]}<\/script>\n<!-- \/ Yoast SEO plugin. -->","yoast_head_json":{"title":"Vorstellung unseres Programms - MN\u00c1MK-UBZ","robots":{"index":"index","follow":"follow","max-snippet":"max-snippet:-1","max-image-preview":"max-image-preview:large","max-video-preview":"max-video-preview:-1"},"canonical":"https:\/\/mnamk.hu\/index-old.php\/de\/vorstellung-unseres-programms\/","og_locale":"hu_HU","og_type":"article","og_title":"Vorstellung unseres Programms - MN\u00c1MK-UBZ","og_description":"Ein kleiner Vorgeschmack auf das Programm ?Unterwegs zur Schule?: Die Gemeinschaft der Kindergartenp\u00e4dagoginnen und der Grundschullehrerinnen unserer Institution haben die weiteren M\u00f6glichkeiten des \u00dcbergangs von Kindergarten zu Schule \u00fcberdacht und haben ein einzigartiges Projekt ins Leben gerufen, das zum Charakter unserer Einrichtung passt. F\u00fcr uns bedeutet der \u00dcbergang auch Kontinuit\u00e4t, diese Entwicklungsphase der Kindheit betrachten [&hellip;]","og_url":"https:\/\/mnamk.hu\/index-old.php\/de\/vorstellung-unseres-programms\/","og_site_name":"MN\u00c1MK-UBZ","article_modified_time":"2022-04-06T09:52:43+00:00","twitter_card":"summary_large_image","twitter_misc":{"Becs\u00fclt olvas\u00e1si id\u0151":"1 perc"},"schema":{"@context":"https:\/\/schema.org","@graph":[{"@type":"WebPage","@id":"https:\/\/mnamk.hu\/index-old.php\/de\/vorstellung-unseres-programms\/","url":"https:\/\/mnamk.hu\/index-old.php\/de\/vorstellung-unseres-programms\/","name":"Vorstellung unseres Programms - MN\u00c1MK-UBZ","isPartOf":{"@id":"https:\/\/mnamk.hu\/index-old.php\/#website"},"datePublished":"2021-01-18T14:56:10+00:00","dateModified":"2022-04-06T09:52:43+00:00","breadcrumb":{"@id":"https:\/\/mnamk.hu\/index-old.php\/de\/vorstellung-unseres-programms\/#breadcrumb"},"inLanguage":"hu","potentialAction":[{"@type":"ReadAction","target":["https:\/\/mnamk.hu\/index-old.php\/de\/vorstellung-unseres-programms\/"]}]},{"@type":"BreadcrumbList","@id":"https:\/\/mnamk.hu\/index-old.php\/de\/vorstellung-unseres-programms\/#breadcrumb","itemListElement":[{"@type":"ListItem","position":1,"name":"Startseite","item":"https:\/\/mnamk.hu\/"},{"@type":"ListItem","position":2,"name":"Vorstellung unseres Programms"}]},{"@type":"WebSite","@id":"https:\/\/mnamk.hu\/index-old.php\/#website","url":"https:\/\/mnamk.hu\/index-old.php\/","name":"MN\u00c1MK-UBZ","description":"","publisher":{"@id":"https:\/\/mnamk.hu\/index-old.php\/#organization"},"potentialAction":[{"@type":"SearchAction","target":{"@type":"EntryPoint","urlTemplate":"https:\/\/mnamk.hu\/index-old.php\/?s={search_term_string}"},"query-input":"required name=search_term_string"}],"inLanguage":"hu"},{"@type":"Organization","@id":"https:\/\/mnamk.hu\/index-old.php\/#organization","name":"MNAMK","url":"https:\/\/mnamk.hu\/index-old.php\/","logo":{"@type":"ImageObject","inLanguage":"hu","@id":"https:\/\/mnamk.hu\/index-old.php\/#\/schema\/logo\/image\/","url":"https:\/\/mnamk.hu\/wp\/wp-content\/uploads\/2020\/08\/logo.jpg","contentUrl":"https:\/\/mnamk.hu\/wp\/wp-content\/uploads\/2020\/08\/logo.jpg","width":482,"height":276,"caption":"MNAMK"},"image":{"@id":"https:\/\/mnamk.hu\/index-old.php\/#\/schema\/logo\/image\/"}}]}},"_links":{"self":[{"href":"https:\/\/mnamk.hu\/index-old.php\/wp-json\/wp\/v2\/pages\/27197","targetHints":{"allow":["GET"]}}],"collection":[{"href":"https:\/\/mnamk.hu\/index-old.php\/wp-json\/wp\/v2\/pages"}],"about":[{"href":"https:\/\/mnamk.hu\/index-old.php\/wp-json\/wp\/v2\/types\/page"}],"author":[{"embeddable":true,"href":"https:\/\/mnamk.hu\/index-old.php\/wp-json\/wp\/v2\/users\/22"}],"replies":[{"embeddable":true,"href":"https:\/\/mnamk.hu\/index-old.php\/wp-json\/wp\/v2\/comments?post=27197"}],"version-history":[{"count":0,"href":"https:\/\/mnamk.hu\/index-old.php\/wp-json\/wp\/v2\/pages\/27197\/revisions"}],"wp:attachment":[{"href":"https:\/\/mnamk.hu\/index-old.php\/wp-json\/wp\/v2\/media?parent=27197"}],"curies":[{"name":"wp","href":"https:\/\/api.w.org\/{rel}","templated":true}]}}