{"id":7386,"date":"2015-09-22T05:18:03","date_gmt":"2015-09-22T05:18:03","guid":{"rendered":"https:\/\/mnamk.hu\/wp\/kulturabteilung\/"},"modified":"2020-09-12T17:07:05","modified_gmt":"2020-09-12T17:07:05","slug":"kulturabteilung","status":"publish","type":"page","link":"https:\/\/mnamk.hu\/index-old.php\/de\/kulturabteilung\/","title":{"rendered":"Kulturabteilung"},"content":{"rendered":"<p>Leitung:\u00a0Herr J\u00f3zsef Emmert<\/p>\n<p>Telefon: 0036-79-520-930\/105<\/p>\n<p>E-mail: <a href=\"mailto:kozmuv@mnamk.hu\">kozmuv@mnamk.hu<\/a><\/p>\n<p><strong>Allgemeine Informationen<\/strong><\/p>\n<p align=\"justify\">Die Kulturabteilung des Ungarndeutschen Bildungszentrums hat vielf\u00e4ltige Aufgaben und bietet ein breites Spektrum an Veranstaltungen an. An unserem Institut finden regelm\u00e4\u00dfig internationale und nationale Veranstaltungen statt. Dazu z\u00e4hlen klassische und leichte Musikprogramme, Konzerte, Gem\u00e4lde- und Fotoausstellungen sowie wissenschaftliche Vortr\u00e4ge.<\/p>\n<p align=\"justify\">Eine besondere Aufgabe unserer Kulturabteilung ist die Pflege und Bewahrung der Traditionen des Ungarndeutschtums. Eigens daf\u00fcr eingerichtet wurde im Gymnasium ein Museumsraum, um Sch\u00fcler*innen, aber auch Besucher*innen von au\u00dferhalb, \u00fcber das Leben, die Gebrauchsgegenst\u00e4nde, die Kleidung und das Leben der j\u00fcngeren Vergangenheit der Ungarndeutschen, Aufschluss zu geben. Dieser Raum steht jedem Besucher zur Besichtigung offen. Aber nicht nur alte Dinge, sondern auch die\u00a0 Musik des Ungarndeutschtums wird gepflegt. Allj\u00e4hrlich wird die Ballsaison im Herbst mit dem traditionellen Schwabenball er\u00f6ffnet. Es folgen dann weitere Nationalit\u00e4tenveranstaltungen, Feste privater Organisationen, Tanzabende und Unterhaltungsveranstaltungen anderer Institutionen. Das kulturelle Angebot\u00a0 unserer Einrichtung bietet Vortr\u00e4ge und Ausstellungen \u00fcber die Vergangenheit des Ungarndeutschtums an.<\/p>\n<p align=\"justify\">Die Aula unseres Gymnasiums bietet Platz f\u00fcr viele st\u00e4dtische-, regionale-, landes- und nationale Konferenzen. Hierf\u00fcr stehen das Internat mit 120 bis 150 \u00dcbernachtungsm\u00f6glichkeiten f\u00fcr 120 Personen zur Verf\u00fcgung.<\/p>\n<p align=\"justify\">Der um die Aula herum angelegte gro\u00dfr\u00e4umige Flur ist ein idealer Ort f\u00fcr Foto-, Gem\u00e4lde- und wissenschaftliche Ausstellungen. Neben den Werken ber\u00fchmter ausl\u00e4ndischer und ungarischer K\u00fcnstler erhalten selbstverst\u00e4ndlich auch unsere Sch\u00fcler*innen die M\u00f6glichkeit, ihre eigenen Werke zu zeigen.<\/p>\n<p align=\"justify\">Jedes Jahr veranstalten wir ein Adventskonzert, bei welchem die Sch\u00fcler ihre musikalischen Talente darbringen k\u00f6nnen. Die Einnahmen des Konzertes werden wohlt\u00e4tigen Zwecken, zum Beispiel hilfsbed\u00fcrftigen Kindern, zugef\u00fchrt.<\/p>\n<p align=\"justify\">Zugleich ist unser Institut der Hauptsitz des Deutschen Kulturvereins des Komitats B\u00e1cska. Der Verein h\u00e4lt hier seine regelm\u00e4\u00dfigen Sitzungen ab.<\/p>\n<p><!-- Add code here that should appear in the content block of all new pages --><\/p>\n","protected":false},"excerpt":{"rendered":"<p>Leitung:\u00a0Herr J\u00f3zsef Emmert Telefon: 0036-79-520-930\/105 E-mail: kozmuv@mnamk.hu Allgemeine Informationen Die Kulturabteilung des Ungarndeutschen Bildungszentrums hat vielf\u00e4ltige Aufgaben und bietet ein breites Spektrum an Veranstaltungen an. An unserem Institut finden regelm\u00e4\u00dfig internationale und nationale Veranstaltungen statt. Dazu z\u00e4hlen klassische und leichte Musikprogramme, Konzerte, Gem\u00e4lde- und Fotoausstellungen sowie wissenschaftliche Vortr\u00e4ge. Eine besondere Aufgabe unserer Kulturabteilung ist die [&hellip;]<\/p>\n","protected":false},"author":22,"featured_media":0,"parent":0,"menu_order":0,"comment_status":"closed","ping_status":"closed","template":"","meta":{"footnotes":""},"class_list":["post-7386","page","type-page","status-publish","hentry"],"yoast_head":"<!-- This site is optimized with the Yoast SEO plugin v20.9 - https:\/\/yoast.com\/wordpress\/plugins\/seo\/ -->\n<title>Kulturabteilung - MN\u00c1MK-UBZ<\/title>\n<meta name=\"robots\" content=\"index, follow, max-snippet:-1, max-image-preview:large, max-video-preview:-1\" \/>\n<link rel=\"canonical\" href=\"https:\/\/mnamk.hu\/index-old.php\/de\/kulturabteilung\/\" \/>\n<meta property=\"og:locale\" content=\"hu_HU\" \/>\n<meta property=\"og:type\" content=\"article\" \/>\n<meta property=\"og:title\" content=\"Kulturabteilung - MN\u00c1MK-UBZ\" \/>\n<meta property=\"og:description\" content=\"Leitung:\u00a0Herr J\u00f3zsef Emmert Telefon: 0036-79-520-930\/105 E-mail: kozmuv@mnamk.hu Allgemeine Informationen Die Kulturabteilung des Ungarndeutschen Bildungszentrums hat vielf\u00e4ltige Aufgaben und bietet ein breites Spektrum an Veranstaltungen an. An unserem Institut finden regelm\u00e4\u00dfig internationale und nationale Veranstaltungen statt. Dazu z\u00e4hlen klassische und leichte Musikprogramme, Konzerte, Gem\u00e4lde- und Fotoausstellungen sowie wissenschaftliche Vortr\u00e4ge. Eine besondere Aufgabe unserer Kulturabteilung ist die [&hellip;]\" \/>\n<meta property=\"og:url\" content=\"https:\/\/mnamk.hu\/index-old.php\/de\/kulturabteilung\/\" \/>\n<meta property=\"og:site_name\" content=\"MN\u00c1MK-UBZ\" \/>\n<meta property=\"article:modified_time\" content=\"2020-09-12T17:07:05+00:00\" \/>\n<meta name=\"twitter:card\" content=\"summary_large_image\" \/>\n<meta name=\"twitter:label1\" content=\"Becs\u00fclt olvas\u00e1si id\u0151\" \/>\n\t<meta name=\"twitter:data1\" content=\"2 perc\" \/>\n<script type=\"application\/ld+json\" class=\"yoast-schema-graph\">{\"@context\":\"https:\/\/schema.org\",\"@graph\":[{\"@type\":\"WebPage\",\"@id\":\"https:\/\/mnamk.hu\/index-old.php\/de\/kulturabteilung\/\",\"url\":\"https:\/\/mnamk.hu\/index-old.php\/de\/kulturabteilung\/\",\"name\":\"Kulturabteilung - MN\u00c1MK-UBZ\",\"isPartOf\":{\"@id\":\"https:\/\/mnamk.hu\/index-old.php\/#website\"},\"datePublished\":\"2015-09-22T05:18:03+00:00\",\"dateModified\":\"2020-09-12T17:07:05+00:00\",\"breadcrumb\":{\"@id\":\"https:\/\/mnamk.hu\/index-old.php\/de\/kulturabteilung\/#breadcrumb\"},\"inLanguage\":\"hu\",\"potentialAction\":[{\"@type\":\"ReadAction\",\"target\":[\"https:\/\/mnamk.hu\/index-old.php\/de\/kulturabteilung\/\"]}]},{\"@type\":\"BreadcrumbList\",\"@id\":\"https:\/\/mnamk.hu\/index-old.php\/de\/kulturabteilung\/#breadcrumb\",\"itemListElement\":[{\"@type\":\"ListItem\",\"position\":1,\"name\":\"Startseite\",\"item\":\"https:\/\/mnamk.hu\/\"},{\"@type\":\"ListItem\",\"position\":2,\"name\":\"Kulturabteilung\"}]},{\"@type\":\"WebSite\",\"@id\":\"https:\/\/mnamk.hu\/index-old.php\/#website\",\"url\":\"https:\/\/mnamk.hu\/index-old.php\/\",\"name\":\"MN\u00c1MK-UBZ\",\"description\":\"\",\"publisher\":{\"@id\":\"https:\/\/mnamk.hu\/index-old.php\/#organization\"},\"potentialAction\":[{\"@type\":\"SearchAction\",\"target\":{\"@type\":\"EntryPoint\",\"urlTemplate\":\"https:\/\/mnamk.hu\/index-old.php\/?s={search_term_string}\"},\"query-input\":\"required name=search_term_string\"}],\"inLanguage\":\"hu\"},{\"@type\":\"Organization\",\"@id\":\"https:\/\/mnamk.hu\/index-old.php\/#organization\",\"name\":\"MNAMK\",\"url\":\"https:\/\/mnamk.hu\/index-old.php\/\",\"logo\":{\"@type\":\"ImageObject\",\"inLanguage\":\"hu\",\"@id\":\"https:\/\/mnamk.hu\/index-old.php\/#\/schema\/logo\/image\/\",\"url\":\"https:\/\/mnamk.hu\/wp\/wp-content\/uploads\/2020\/08\/logo.jpg\",\"contentUrl\":\"https:\/\/mnamk.hu\/wp\/wp-content\/uploads\/2020\/08\/logo.jpg\",\"width\":482,\"height\":276,\"caption\":\"MNAMK\"},\"image\":{\"@id\":\"https:\/\/mnamk.hu\/index-old.php\/#\/schema\/logo\/image\/\"}}]}<\/script>\n<!-- \/ Yoast SEO plugin. -->","yoast_head_json":{"title":"Kulturabteilung - MN\u00c1MK-UBZ","robots":{"index":"index","follow":"follow","max-snippet":"max-snippet:-1","max-image-preview":"max-image-preview:large","max-video-preview":"max-video-preview:-1"},"canonical":"https:\/\/mnamk.hu\/index-old.php\/de\/kulturabteilung\/","og_locale":"hu_HU","og_type":"article","og_title":"Kulturabteilung - MN\u00c1MK-UBZ","og_description":"Leitung:\u00a0Herr J\u00f3zsef Emmert Telefon: 0036-79-520-930\/105 E-mail: kozmuv@mnamk.hu Allgemeine Informationen Die Kulturabteilung des Ungarndeutschen Bildungszentrums hat vielf\u00e4ltige Aufgaben und bietet ein breites Spektrum an Veranstaltungen an. An unserem Institut finden regelm\u00e4\u00dfig internationale und nationale Veranstaltungen statt. Dazu z\u00e4hlen klassische und leichte Musikprogramme, Konzerte, Gem\u00e4lde- und Fotoausstellungen sowie wissenschaftliche Vortr\u00e4ge. Eine besondere Aufgabe unserer Kulturabteilung ist die [&hellip;]","og_url":"https:\/\/mnamk.hu\/index-old.php\/de\/kulturabteilung\/","og_site_name":"MN\u00c1MK-UBZ","article_modified_time":"2020-09-12T17:07:05+00:00","twitter_card":"summary_large_image","twitter_misc":{"Becs\u00fclt olvas\u00e1si id\u0151":"2 perc"},"schema":{"@context":"https:\/\/schema.org","@graph":[{"@type":"WebPage","@id":"https:\/\/mnamk.hu\/index-old.php\/de\/kulturabteilung\/","url":"https:\/\/mnamk.hu\/index-old.php\/de\/kulturabteilung\/","name":"Kulturabteilung - MN\u00c1MK-UBZ","isPartOf":{"@id":"https:\/\/mnamk.hu\/index-old.php\/#website"},"datePublished":"2015-09-22T05:18:03+00:00","dateModified":"2020-09-12T17:07:05+00:00","breadcrumb":{"@id":"https:\/\/mnamk.hu\/index-old.php\/de\/kulturabteilung\/#breadcrumb"},"inLanguage":"hu","potentialAction":[{"@type":"ReadAction","target":["https:\/\/mnamk.hu\/index-old.php\/de\/kulturabteilung\/"]}]},{"@type":"BreadcrumbList","@id":"https:\/\/mnamk.hu\/index-old.php\/de\/kulturabteilung\/#breadcrumb","itemListElement":[{"@type":"ListItem","position":1,"name":"Startseite","item":"https:\/\/mnamk.hu\/"},{"@type":"ListItem","position":2,"name":"Kulturabteilung"}]},{"@type":"WebSite","@id":"https:\/\/mnamk.hu\/index-old.php\/#website","url":"https:\/\/mnamk.hu\/index-old.php\/","name":"MN\u00c1MK-UBZ","description":"","publisher":{"@id":"https:\/\/mnamk.hu\/index-old.php\/#organization"},"potentialAction":[{"@type":"SearchAction","target":{"@type":"EntryPoint","urlTemplate":"https:\/\/mnamk.hu\/index-old.php\/?s={search_term_string}"},"query-input":"required name=search_term_string"}],"inLanguage":"hu"},{"@type":"Organization","@id":"https:\/\/mnamk.hu\/index-old.php\/#organization","name":"MNAMK","url":"https:\/\/mnamk.hu\/index-old.php\/","logo":{"@type":"ImageObject","inLanguage":"hu","@id":"https:\/\/mnamk.hu\/index-old.php\/#\/schema\/logo\/image\/","url":"https:\/\/mnamk.hu\/wp\/wp-content\/uploads\/2020\/08\/logo.jpg","contentUrl":"https:\/\/mnamk.hu\/wp\/wp-content\/uploads\/2020\/08\/logo.jpg","width":482,"height":276,"caption":"MNAMK"},"image":{"@id":"https:\/\/mnamk.hu\/index-old.php\/#\/schema\/logo\/image\/"}}]}},"_links":{"self":[{"href":"https:\/\/mnamk.hu\/index-old.php\/wp-json\/wp\/v2\/pages\/7386","targetHints":{"allow":["GET"]}}],"collection":[{"href":"https:\/\/mnamk.hu\/index-old.php\/wp-json\/wp\/v2\/pages"}],"about":[{"href":"https:\/\/mnamk.hu\/index-old.php\/wp-json\/wp\/v2\/types\/page"}],"author":[{"embeddable":true,"href":"https:\/\/mnamk.hu\/index-old.php\/wp-json\/wp\/v2\/users\/22"}],"replies":[{"embeddable":true,"href":"https:\/\/mnamk.hu\/index-old.php\/wp-json\/wp\/v2\/comments?post=7386"}],"version-history":[{"count":0,"href":"https:\/\/mnamk.hu\/index-old.php\/wp-json\/wp\/v2\/pages\/7386\/revisions"}],"wp:attachment":[{"href":"https:\/\/mnamk.hu\/index-old.php\/wp-json\/wp\/v2\/media?parent=7386"}],"curies":[{"name":"wp","href":"https:\/\/api.w.org\/{rel}","templated":true}]}}